Last updated on 2022-06-28 15:53:21 CEST.
Flavor | Version | Tinstall | Tcheck | Ttotal | Status | Flags |
---|---|---|---|---|---|---|
r-devel-linux-x86_64-debian-clang | 0.2.1 | 9.69 | 513.59 | 523.28 | OK | |
r-devel-linux-x86_64-debian-gcc | 0.2.1 | 8.61 | 372.53 | 381.14 | OK | |
r-devel-linux-x86_64-fedora-clang | 0.2.1 | 658.59 | NOTE | |||
r-devel-linux-x86_64-fedora-gcc | 0.2.1 | 602.48 | OK | |||
r-devel-windows-x86_64 | 0.2.1 | 82.00 | 530.00 | 612.00 | OK | |
r-patched-linux-x86_64 | 0.2.1 | 9.75 | 475.68 | 485.43 | OK | |
r-release-linux-x86_64 | 0.2.1 | 9.13 | 491.17 | 500.30 | OK | |
r-release-macos-arm64 | 0.2.1 | 205.00 | OK | |||
r-release-macos-x86_64 | 0.2.1 | 236.00 | NOTE | |||
r-release-windows-x86_64 | 0.2.1 | 72.00 | 524.00 | 596.00 | OK | |
r-oldrel-macos-arm64 | 0.2.1 | 54.00 | OK | |||
r-oldrel-macos-x86_64 | 0.2.1 | 82.00 | OK | |||
r-oldrel-windows-ix86+x86_64 | 0.2.1 | 19.00 | 586.00 | 605.00 | OK |
Version: 0.2.1
Check: Rd cross-references
Result: NOTE
Undeclared package ‘gemtc’ in Rd xrefs
Flavor: r-devel-linux-x86_64-fedora-clang
Version: 0.2.1
Check: Rd cross-references
Result: NOTE
Package unavailable to check Rd xrefs: ‘gemtc’
Flavor: r-release-macos-x86_64