Last updated on 2022-06-26 03:50:05 CEST.
Flavor | Version | Tinstall | Tcheck | Ttotal | Status | Flags |
---|---|---|---|---|---|---|
r-devel-linux-x86_64-debian-clang | 0.4.1 | 13.05 | 515.19 | 528.24 | OK | |
r-devel-linux-x86_64-debian-gcc | 0.4.1 | 10.04 | 351.49 | 361.53 | OK | |
r-devel-linux-x86_64-fedora-clang | 0.4.1 | 689.06 | NOTE | |||
r-devel-linux-x86_64-fedora-gcc | 0.4.1 | 624.49 | NOTE | |||
r-devel-windows-x86_64 | 0.4.1 | 91.00 | 615.00 | 706.00 | OK | |
r-patched-linux-x86_64 | 0.4.1 | 12.64 | 504.15 | 516.79 | OK | |
r-release-linux-x86_64 | 0.4.1 | 11.48 | 500.72 | 512.20 | OK | |
r-release-macos-arm64 | 0.4.1 | 215.00 | NOTE | |||
r-release-macos-x86_64 | 0.4.1 | 266.00 | NOTE | |||
r-release-windows-x86_64 | 0.4.1 | 74.00 | 601.00 | 675.00 | OK | |
r-oldrel-macos-arm64 | 0.4.1 | 179.00 | NOTE | |||
r-oldrel-macos-x86_64 | 0.4.1 | 263.00 | NOTE | |||
r-oldrel-windows-ix86+x86_64 | 0.4.1 | 20.00 | 652.00 | 672.00 | OK |
Version: 0.4.1
Check: data for non-ASCII characters
Result: NOTE
Note: found 6 marked Latin-1 strings
Flavors: r-devel-linux-x86_64-fedora-clang, r-devel-linux-x86_64-fedora-gcc, r-release-macos-arm64, r-release-macos-x86_64, r-oldrel-macos-arm64, r-oldrel-macos-x86_64