CRAN Package Check Results for Package MAd

Last updated on 2020-09-23 16:38:45 CEST.

Flavor Version Tinstall Tcheck Ttotal Status Flags
r-devel-linux-x86_64-debian-clang 0.8-2.1 7.10 48.95 56.05 NOTE
r-devel-linux-x86_64-debian-gcc 0.8-2.1 5.71 37.00 42.71 NOTE
r-devel-linux-x86_64-fedora-clang 0.8-2.1 75.00 NOTE
r-devel-linux-x86_64-fedora-gcc 0.8-2.1 66.11 NOTE
r-devel-windows-ix86+x86_64 0.8-2.1 11.00 68.00 79.00 NOTE
r-patched-linux-x86_64 0.8-2.1 5.99 46.54 52.53 NOTE
r-patched-solaris-x86 0.8-2.1 85.10 NOTE
r-release-linux-x86_64 0.8-2.1 6.25 46.75 53.00 NOTE
r-release-macos-x86_64 0.8-2.1 NOTE
r-release-windows-ix86+x86_64 0.8-2.1 10.00 60.00 70.00 NOTE
r-oldrel-macos-x86_64 0.8-2.1 NOTE
r-oldrel-windows-ix86+x86_64 0.8-2.1 9.00 57.00 66.00 NOTE

Check Details

Version: 0.8-2.1
Check: package dependencies
Result: NOTE
    Package suggested but not available for checking: 'R2wd'
Flavors: r-devel-linux-x86_64-debian-clang, r-devel-linux-x86_64-debian-gcc, r-devel-linux-x86_64-fedora-clang, r-devel-linux-x86_64-fedora-gcc, r-patched-linux-x86_64, r-patched-solaris-x86, r-release-linux-x86_64, r-release-macos-x86_64, r-oldrel-macos-x86_64

Version: 0.8-2.1
Check: dependencies in R code
Result: NOTE
    'library' or 'require' calls in package code:
     'R2wd' 'ggplot2' 'metafor'
     Please use :: or requireNamespace() instead.
     See section 'Suggested packages' in the 'Writing R Extensions' manual.
Flavors: r-devel-linux-x86_64-debian-clang, r-devel-linux-x86_64-debian-gcc, r-devel-linux-x86_64-fedora-clang, r-devel-linux-x86_64-fedora-gcc, r-devel-windows-ix86+x86_64, r-patched-linux-x86_64, r-patched-solaris-x86, r-release-linux-x86_64, r-release-macos-x86_64, r-release-windows-ix86+x86_64, r-oldrel-macos-x86_64, r-oldrel-windows-ix86+x86_64