CRAN Package Check Results for Package MAd

Last updated on 2021-09-19 03:51:13 CEST.

Flavor Version Tinstall Tcheck Ttotal Status Flags
r-devel-linux-x86_64-debian-clang 0.8-2.1 6.47 51.90 58.37 NOTE
r-devel-linux-x86_64-debian-gcc 0.8-2.1 5.14 39.37 44.51 NOTE
r-devel-linux-x86_64-fedora-clang 0.8-2.1 80.29 NOTE
r-devel-linux-x86_64-fedora-gcc 0.8-2.1 69.29 NOTE
r-devel-windows-x86_64 0.8-2.1 8.00 53.00 61.00 NOTE
r-devel-windows-x86_64-gcc10-UCRT 0.8-2.1 ERROR
r-patched-linux-x86_64 0.8-2.1 7.14 49.04 56.18 NOTE
r-patched-solaris-x86 0.8-2.1 88.90 NOTE
r-release-linux-x86_64 0.8-2.1 6.00 49.41 55.41 NOTE
r-release-macos-arm64 0.8-2.1 NOTE
r-release-macos-x86_64 0.8-2.1 NOTE
r-release-windows-ix86+x86_64 0.8-2.1 11.00 70.00 81.00 NOTE
r-oldrel-macos-x86_64 0.8-2.1 NOTE
r-oldrel-windows-ix86+x86_64 0.8-2.1 11.00 53.00 64.00 NOTE

Check Details

Version: 0.8-2.1
Check: package dependencies
Result: NOTE
    Package suggested but not available for checking: 'R2wd'
Flavors: r-devel-linux-x86_64-debian-clang, r-devel-linux-x86_64-debian-gcc, r-devel-linux-x86_64-fedora-clang, r-devel-linux-x86_64-fedora-gcc, r-patched-linux-x86_64, r-patched-solaris-x86, r-release-linux-x86_64, r-release-macos-arm64, r-release-macos-x86_64, r-oldrel-macos-x86_64

Version: 0.8-2.1
Check: dependencies in R code
Result: NOTE
    'library' or 'require' calls in package code:
     'R2wd' 'ggplot2' 'metafor'
     Please use :: or requireNamespace() instead.
     See section 'Suggested packages' in the 'Writing R Extensions' manual.
Flavors: r-devel-linux-x86_64-debian-clang, r-devel-linux-x86_64-debian-gcc, r-devel-linux-x86_64-fedora-clang, r-devel-linux-x86_64-fedora-gcc, r-devel-windows-x86_64, r-devel-windows-x86_64-gcc10-UCRT, r-patched-linux-x86_64, r-patched-solaris-x86, r-release-linux-x86_64, r-release-macos-arm64, r-release-macos-x86_64, r-release-windows-ix86+x86_64, r-oldrel-macos-x86_64, r-oldrel-windows-ix86+x86_64

Version: 0.8-2.1
Check: whether package can be installed
Result: WARN
    Found the following significant warnings:
     WARNING: installation-time patches will not be applied, could not get the patches index
Flavor: r-devel-windows-x86_64-gcc10-UCRT

Version: 0.8-2.1
Check: PDF version of manual
Result: WARN
    LaTeX errors when creating PDF version.
    This typically indicates Rd problems.
Flavor: r-devel-windows-x86_64-gcc10-UCRT

Version: 0.8-2.1
Check: PDF version of manual without hyperrefs or index
Result: ERROR
    Re-running with no redirection of stdout/stderr.
Flavor: r-devel-windows-x86_64-gcc10-UCRT