Last updated on 2023-10-01 05:05:46 CEST.
Flavor | Version | Tinstall | Tcheck | Ttotal | Status | Flags |
---|---|---|---|---|---|---|
r-devel-linux-x86_64-debian-clang | 1.1.5 | 140.61 | 296.68 | 437.29 | NOTE | |
r-devel-linux-x86_64-debian-gcc | 1.1.5 | 122.40 | 242.19 | 364.59 | NOTE | |
r-devel-linux-x86_64-fedora-clang | 1.1.5 | 552.18 | NOTE | |||
r-devel-linux-x86_64-fedora-gcc | 1.1.5 | 496.34 | NOTE | |||
r-devel-windows-x86_64 | 1.1.5 | 125.00 | 265.00 | 390.00 | NOTE | |
r-patched-linux-x86_64 | 1.1.5 | 124.23 | 323.92 | 448.15 | NOTE | |
r-release-linux-x86_64 | 1.1.5 | 120.37 | 322.46 | 442.83 | NOTE | |
r-release-macos-arm64 | 1.1.5 | 131.00 | NOTE | |||
r-release-macos-x86_64 | 1.1.5 | 201.00 | NOTE | |||
r-release-windows-x86_64 | 1.1.5 | 164.00 | 328.00 | 492.00 | NOTE | |
r-oldrel-macos-arm64 | 1.1.5 | 123.00 | NOTE | |||
r-oldrel-macos-x86_64 | 1.1.5 | 149.00 | NOTE | |||
r-oldrel-windows-x86_64 | 1.1.5 | 153.00 | 325.00 | 478.00 | NOTE |
Version: 1.1.5
Check: for GNU extensions in Makefiles
Result: NOTE
GNU make is a SystemRequirements.
Flavors: r-devel-linux-x86_64-debian-clang, r-devel-linux-x86_64-debian-gcc, r-devel-linux-x86_64-fedora-clang, r-devel-linux-x86_64-fedora-gcc, r-devel-windows-x86_64, r-patched-linux-x86_64, r-release-linux-x86_64, r-release-macos-arm64, r-release-macos-x86_64, r-release-windows-x86_64, r-oldrel-macos-arm64, r-oldrel-macos-x86_64, r-oldrel-windows-x86_64
Version: 1.1.5
Check: installed package size
Result: NOTE
installed size is 34.2Mb
sub-directories of 1Mb or more:
libs 33.8Mb
Flavors: r-release-macos-arm64, r-release-macos-x86_64, r-oldrel-macos-arm64, r-oldrel-macos-x86_64