CRAN Package Check Results for Package MADPop

Last updated on 2020-11-28 03:52:39 CET.

Flavor Version Tinstall Tcheck Ttotal Status Flags
r-devel-linux-x86_64-debian-clang 1.1.2 111.87 176.05 287.92 NOTE
r-devel-linux-x86_64-debian-gcc 1.1.2 180.46 130.72 311.18 NOTE
r-devel-linux-x86_64-fedora-clang 1.1.2 391.90 NOTE
r-devel-linux-x86_64-fedora-gcc 1.1.2 388.98 NOTE
r-devel-windows-ix86+x86_64 1.1.2 267.00 295.00 562.00 NOTE
r-patched-linux-x86_64 1.1.2 163.04 167.20 330.24 NOTE
r-patched-solaris-x86 1.1.2 451.30 NOTE
r-release-linux-x86_64 1.1.2 167.32 167.79 335.11 NOTE
r-release-macos-x86_64 1.1.2 NOTE
r-release-windows-ix86+x86_64 1.1.2 192.00 241.00 433.00 NOTE
r-oldrel-macos-x86_64 1.1.2 NOTE
r-oldrel-windows-ix86+x86_64 1.1.2 189.00 305.00 494.00 NOTE

Check Details

Version: 1.1.2
Check: for GNU extensions in Makefiles
Result: NOTE
    GNU make is a SystemRequirements.
Flavors: r-devel-linux-x86_64-debian-clang, r-devel-linux-x86_64-debian-gcc, r-devel-linux-x86_64-fedora-clang, r-devel-linux-x86_64-fedora-gcc, r-devel-windows-ix86+x86_64, r-patched-linux-x86_64, r-patched-solaris-x86, r-release-linux-x86_64, r-release-macos-x86_64, r-release-windows-ix86+x86_64, r-oldrel-macos-x86_64, r-oldrel-windows-ix86+x86_64

Version: 1.1.2
Check: installed package size
Result: NOTE
     installed size is 31.1Mb
     sub-directories of 1Mb or more:
     libs 30.7Mb
Flavors: r-devel-linux-x86_64-fedora-clang, r-release-macos-x86_64, r-oldrel-macos-x86_64