CRAN Package Check Results for Package MADPop

Last updated on 2022-09-24 15:55:24 CEST.

Flavor Version Tinstall Tcheck Ttotal Status Flags
r-devel-linux-x86_64-debian-clang 1.1.4 118.90 184.15 303.05 NOTE
r-devel-linux-x86_64-debian-gcc 1.1.4 112.34 140.34 252.68 NOTE
r-devel-linux-x86_64-fedora-clang 1.1.4 376.52 NOTE
r-devel-linux-x86_64-fedora-gcc 1.1.4 415.61 NOTE
r-devel-windows-x86_64 1.1.4 93.00 260.00 353.00 NOTE
r-patched-linux-x86_64 1.1.4 122.86 182.11 304.97 NOTE
r-release-linux-x86_64 1.1.4 116.05 181.12 297.17 NOTE
r-release-macos-arm64 1.1.4 97.00 NOTE
r-release-macos-x86_64 1.1.4 150.00 NOTE
r-release-windows-x86_64 1.1.4 132.00 260.00 392.00 NOTE
r-oldrel-macos-arm64 1.1.4 89.00 NOTE
r-oldrel-macos-x86_64 1.1.4 152.00 NOTE
r-oldrel-windows-ix86+x86_64 1.1.4 281.00 302.00 583.00 NOTE

Check Details

Version: 1.1.4
Check: for GNU extensions in Makefiles
Result: NOTE
    GNU make is a SystemRequirements.
Flavors: r-devel-linux-x86_64-debian-clang, r-devel-linux-x86_64-debian-gcc, r-devel-linux-x86_64-fedora-clang, r-devel-linux-x86_64-fedora-gcc, r-devel-windows-x86_64, r-patched-linux-x86_64, r-release-linux-x86_64, r-release-macos-arm64, r-release-macos-x86_64, r-release-windows-x86_64, r-oldrel-macos-arm64, r-oldrel-macos-x86_64, r-oldrel-windows-ix86+x86_64

Version: 1.1.4
Check: installed package size
Result: NOTE
     installed size is 32.8Mb
     sub-directories of 1Mb or more:
     libs 32.4Mb
Flavors: r-release-macos-arm64, r-release-macos-x86_64, r-oldrel-macos-arm64, r-oldrel-macos-x86_64