CRAN Package Check Results for Package Luminescence

Last updated on 2020-09-30 15:48:01 CEST.

Flavor Version Tinstall Tcheck Ttotal Status Flags
r-devel-linux-x86_64-debian-clang 0.9.7 100.41 365.00 465.41 OK
r-devel-linux-x86_64-debian-gcc 0.9.7 78.41 267.41 345.82 OK
r-devel-linux-x86_64-fedora-clang 0.9.7 563.85 NOTE
r-devel-linux-x86_64-fedora-gcc 0.9.7 551.02 OK
r-devel-windows-ix86+x86_64 0.9.7 208.00 617.00 825.00 NOTE
r-patched-linux-x86_64 0.9.7 93.29 333.71 427.00 OK
r-patched-solaris-x86 0.9.7 611.90 NOTE
r-release-linux-x86_64 0.9.7 87.75 332.33 420.08 OK
r-release-macos-x86_64 0.9.7 NOTE
r-release-windows-ix86+x86_64 0.9.7 210.00 603.00 813.00 NOTE
r-oldrel-macos-x86_64 0.9.7 NOTE
r-oldrel-windows-ix86+x86_64 0.9.7 189.00 521.00 710.00 NOTE

Check Details

Version: 0.9.7
Check: installed package size
Result: NOTE
     installed size is 6.3Mb
     sub-directories of 1Mb or more:
     R 1.6Mb
     help 1.1Mb
     libs 2.0Mb
Flavors: r-devel-linux-x86_64-fedora-clang, r-devel-windows-ix86+x86_64, r-patched-solaris-x86, r-release-macos-x86_64, r-release-windows-ix86+x86_64, r-oldrel-macos-x86_64, r-oldrel-windows-ix86+x86_64

Version: 0.9.7
Check: Rd cross-references
Result: NOTE
    Undeclared package ‘shiny’ in Rd xrefs
Flavor: r-devel-linux-x86_64-fedora-clang