CRAN Package Check Results for Package LoopRig

Last updated on 2020-09-22 03:49:28 CEST.

Flavor Version Tinstall Tcheck Ttotal Status Flags
r-devel-linux-x86_64-debian-clang 0.1.1 12.96 168.50 181.46 OK
r-devel-linux-x86_64-debian-gcc 0.1.1 0.39 2.27 2.66 ERROR
r-devel-linux-x86_64-fedora-clang 0.1.1 231.03 OK
r-devel-linux-x86_64-fedora-gcc 0.1.1 224.32 OK
r-devel-windows-ix86+x86_64 0.1.1 31.00 199.00 230.00 OK
r-patched-linux-x86_64 0.1.1 12.58 165.51 178.09 OK
r-patched-solaris-x86 0.1.1 295.90 OK
r-release-linux-x86_64 0.1.1 12.73 164.76 177.49 OK
r-release-macos-x86_64 0.1.1 OK
r-release-windows-ix86+x86_64 0.1.1 37.00 204.00 241.00 OK
r-oldrel-macos-x86_64 0.1.1 ERROR
r-oldrel-windows-ix86+x86_64 0.1.1 20.00 133.00 153.00 OK

Check Details

Version: 0.1.1
Check: whether package can be installed
Result: ERROR
    Installation failed.
Flavors: r-devel-linux-x86_64-debian-gcc, r-oldrel-macos-x86_64