CRAN Package Check Results for Package LoopDetectR

Last updated on 2021-01-26 15:49:49 CET.

Flavor Version Tinstall Tcheck Ttotal Status Flags
r-devel-linux-x86_64-debian-clang 0.1.2 2.42 30.90 33.32 OK
r-devel-linux-x86_64-debian-gcc 0.1.2 1.96 24.24 26.20 OK
r-devel-linux-x86_64-fedora-clang 0.1.2 48.44 OK
r-devel-linux-x86_64-fedora-gcc 0.1.2 39.56 OK
r-devel-windows-ix86+x86_64 0.1.2 6.00 48.00 54.00 OK
r-patched-linux-x86_64 0.1.2 2.54 29.45 31.99 OK
r-patched-solaris-x86 0.1.2 60.90 OK
r-release-linux-x86_64 0.1.2 2.44 29.73 32.17 OK
r-release-macos-x86_64 0.1.2 OK
r-release-windows-ix86+x86_64 0.1.2 6.00 41.00 47.00 OK
r-oldrel-macos-x86_64 0.1.2 ERROR

Check Details

Version: 0.1.2
Check: whether package can be installed
Result: ERROR
    Installation failed.
Flavor: r-oldrel-macos-x86_64