CRAN Package Check Results for Package LogisticDx

Last updated on 2022-08-13 04:57:51 CEST.

Flavor Version Tinstall Tcheck Ttotal Status Flags
r-devel-linux-x86_64-debian-clang 0.3 15.55 155.15 170.70 NOTE
r-devel-linux-x86_64-debian-gcc 0.3 13.16 114.76 127.92 NOTE
r-devel-linux-x86_64-fedora-clang 0.3 217.03 OK
r-devel-linux-x86_64-fedora-gcc 0.3 225.97 OK
r-devel-windows-x86_64 0.3 27.00 179.00 206.00 OK
r-patched-linux-x86_64 0.3 14.46 143.57 158.03 OK
r-release-linux-x86_64 0.3 10.61 142.09 152.70 OK
r-release-macos-arm64 0.3 64.00 OK
r-release-macos-x86_64 0.3 104.00 OK
r-release-windows-x86_64 0.3 30.00 185.00 215.00 OK
r-oldrel-macos-arm64 0.3 62.00 OK
r-oldrel-macos-x86_64 0.3 91.00 OK
r-oldrel-windows-ix86+x86_64 0.3 38.00 176.00 214.00 OK

Check Details

Version: 0.3
Check: HTML version of manual
Result: NOTE
    Found the following HTML validation problems:
    dx.html:74:38: Warning: nested emphasis <code>
    dx.html:81:38: Warning: nested emphasis <code>
    dx.html:92:38: Warning: nested emphasis <code>
    dx.html:100:38: Warning: nested emphasis <code>
    dx.html:112:38: Warning: nested emphasis <code>
    dx.html:148:38: Warning: nested emphasis <code>
    dx.html:170:38: Warning: nested emphasis <code>
    dx.html:229:38: Warning: nested emphasis <code>
    dx.html:240:38: Warning: nested emphasis <code>
    dx.html:251:38: Warning: nested emphasis <code>
    dx.html:269:38: Warning: nested emphasis <code>
    dx.html:282:38: Warning: nested emphasis <code>
    plotGlm.html:219:38: Warning: nested emphasis <code>
    plotGlm.html:225:38: Warning: nested emphasis <code>
    plotGlm.html:233:38: Warning: nested emphasis <code>
    plotGlm.html:240:38: Warning: nested emphasis <code>
    plotGlm.html:248:38: Warning: nested emphasis <code>
    plotGlm.html:271:38: Warning: nested emphasis <code>
    plotGlm.html:279:38: Warning: nested emphasis <code>
    plotGlm.html:286:38: Warning: nested emphasis <code>
Flavors: r-devel-linux-x86_64-debian-clang, r-devel-linux-x86_64-debian-gcc