Last updated on 2023-02-08 04:07:07 CET.
Flavor | Version | Tinstall | Tcheck | Ttotal | Status | Flags |
---|---|---|---|---|---|---|
r-devel-linux-x86_64-debian-clang | 1.2.2 | 3.75 | 36.80 | 40.55 | NOTE | |
r-devel-linux-x86_64-debian-gcc | 1.2.2 | 2.98 | 27.66 | 30.64 | NOTE | |
r-devel-linux-x86_64-fedora-clang | 1.2.2 | 52.41 | NOTE | |||
r-devel-linux-x86_64-fedora-gcc | 1.2.2 | 51.88 | NOTE | |||
r-devel-windows-x86_64 | 1.2.2 | 176.00 | 86.00 | 262.00 | NOTE | |
r-patched-linux-x86_64 | 1.2.2 | 5.91 | 30.01 | 35.92 | OK | |
r-release-linux-x86_64 | 1.2.2 | 3.83 | 30.87 | 34.70 | OK | |
r-release-macos-arm64 | 1.2.2 | 20.00 | OK | |||
r-release-macos-x86_64 | 1.2.2 | 27.00 | OK | |||
r-release-windows-x86_64 | 1.2.2 | 239.00 | 79.00 | 318.00 | OK | |
r-oldrel-macos-arm64 | 1.2.2 | 24.00 | OK | |||
r-oldrel-macos-x86_64 | 1.2.2 | 44.00 | OK | |||
r-oldrel-windows-ix86+x86_64 | 1.2.2 | 10.00 | 61.00 | 71.00 | OK |
Version: 1.2.2
Check: Rd files
Result: NOTE
checkRd: (-1) ACS.Rd:13: Escaped LaTeX specials: \$
checkRd: (-1) EmployedACS.Rd:14: Escaped LaTeX specials: \$
checkRd: (-1) HomesForSale.Rd:11: Escaped LaTeX specials: \$
checkRd: (-1) HomesForSaleCA.Rd:11: Escaped LaTeX specials: \$
checkRd: (-1) HomesForSaleCanton.Rd:9: Escaped LaTeX specials: \$
checkRd: (-1) HomesForSaleNY.Rd:11: Escaped LaTeX specials: \$
checkRd: (-1) MustangPrice.Rd:13: Escaped LaTeX specials: \$
checkRd: (-1) MustangPrice.Rd:24: Escaped LaTeX specials: \$
checkRd: (-1) SalaryGender.Rd:9: Escaped LaTeX specials: \$
checkRd: (-1) SandP500.Rd:6: Escaped LaTeX specials: \&
checkRd: (-1) SandP500.Rd:24: Escaped LaTeX specials: \&
checkRd: (-1) SandP500.Rd:27: Escaped LaTeX specials: \&
checkRd: (-1) SandwichAnts.Rd:32: Escaped LaTeX specials: \&
checkRd: (-1) SandwichAnts2.Rd:32: Escaped LaTeX specials: \&
checkRd: (-1) StockChanges.Rd:11: Escaped LaTeX specials: \&
checkRd: (-1) StockChanges.Rd:15: Escaped LaTeX specials: \&
checkRd: (-1) TrafficFlow.Rd:18: Escaped LaTeX specials: \#
Flavors: r-devel-linux-x86_64-debian-clang, r-devel-linux-x86_64-debian-gcc, r-devel-linux-x86_64-fedora-clang, r-devel-linux-x86_64-fedora-gcc, r-devel-windows-x86_64