CRAN Package Check Results for Package LinRegInteractive

Last updated on 2020-09-22 03:49:28 CEST.

Flavor Version Tinstall Tcheck Ttotal Status Flags
r-devel-linux-x86_64-debian-clang 0.3-3 5.46 42.53 47.99 OK
r-devel-linux-x86_64-debian-gcc 0.3-3 0.37 2.01 2.38 ERROR
r-devel-linux-x86_64-fedora-clang 0.3-3 71.11 OK
r-devel-linux-x86_64-fedora-gcc 0.3-3 60.89 OK
r-devel-windows-ix86+x86_64 0.3-3 8.00 67.00 75.00 OK
r-patched-linux-x86_64 0.3-3 4.71 42.46 47.17 OK
r-patched-solaris-x86 0.3-3 78.60 OK
r-release-linux-x86_64 0.3-3 4.75 42.76 47.51 OK
r-release-macos-x86_64 0.3-3 ERROR
r-release-windows-ix86+x86_64 0.3-3 9.00 69.00 78.00 OK
r-oldrel-macos-x86_64 0.3-3 ERROR
r-oldrel-windows-ix86+x86_64 0.3-3 6.00 65.00 71.00 OK

Check Details

Version: 0.3-3
Check: whether package can be installed
Result: ERROR
    Installation failed.
Flavor: r-devel-linux-x86_64-debian-gcc

Version: 0.3-3
Check: package dependencies
Result: ERROR
    Package required but not available: ‘rpanel’
    
    See section ‘The DESCRIPTION file’ in the ‘Writing R Extensions’
    manual.
Flavors: r-release-macos-x86_64, r-oldrel-macos-x86_64