CRAN Package Check Results for Package LearningRlab

Last updated on 2020-09-29 15:47:37 CEST.

Flavor Version Tinstall Tcheck Ttotal Status Flags
r-devel-linux-x86_64-debian-clang 1.3 4.67 36.48 41.15 OK
r-devel-linux-x86_64-debian-gcc 1.3 3.97 27.70 31.67 OK
r-devel-linux-x86_64-fedora-clang 1.3 59.22 NOTE
r-devel-linux-x86_64-fedora-gcc 1.3 49.34 NOTE
r-devel-windows-ix86+x86_64 1.3 12.00 72.00 84.00 OK
r-patched-linux-x86_64 1.3 4.13 34.21 38.34 OK
r-patched-solaris-x86 1.3 72.10 OK
r-release-linux-x86_64 1.3 5.26 33.80 39.06 OK
r-release-macos-x86_64 1.3 OK
r-release-windows-ix86+x86_64 1.3 11.00 76.00 87.00 OK
r-oldrel-macos-x86_64 1.3 OK
r-oldrel-windows-ix86+x86_64 1.3 28.00 64.00 92.00 OK

Check Details

Version: 1.3
Check: compiled code
Result: NOTE
    File ‘LearningRlab/libs/LearningRlab.so’:
     Found no calls to: ‘R_registerRoutines’, ‘R_useDynamicSymbols’
    
    It is good practice to register native routines and to disable symbol
    search.
    
    See ‘Writing portable packages’ in the ‘Writing R Extensions’ manual.
Flavors: r-devel-linux-x86_64-fedora-clang, r-devel-linux-x86_64-fedora-gcc