CRAN Package Check Results for Package LearnBayes

Last updated on 2021-09-19 03:51:11 CEST.

Flavor Version Tinstall Tcheck Ttotal Status Flags
r-devel-linux-x86_64-debian-clang 2.15.1 4.67 59.93 64.60 OK
r-devel-linux-x86_64-debian-gcc 2.15.1 3.80 45.68 49.48 OK
r-devel-linux-x86_64-fedora-clang 2.15.1 88.10 OK
r-devel-linux-x86_64-fedora-gcc 2.15.1 80.85 OK
r-devel-windows-x86_64 2.15.1 8.00 67.00 75.00 OK
r-devel-windows-x86_64-gcc10-UCRT 2.15.1 ERROR
r-patched-linux-x86_64 2.15.1 5.87 60.05 65.92 OK
r-patched-solaris-x86 2.15.1 103.90 OK
r-release-linux-x86_64 2.15.1 5.15 59.34 64.49 OK
r-release-macos-arm64 2.15.1 OK
r-release-macos-x86_64 2.15.1 OK
r-release-windows-ix86+x86_64 2.15.1 10.00 80.00 90.00 OK
r-oldrel-macos-x86_64 2.15.1 OK
r-oldrel-windows-ix86+x86_64 2.15.1 8.00 78.00 86.00 OK

Check Details

Version: 2.15.1
Check: whether package can be installed
Result: WARN
    Found the following significant warnings:
     WARNING: installation-time patches will not be applied, could not get the patches index
Flavor: r-devel-windows-x86_64-gcc10-UCRT

Version: 2.15.1
Check: PDF version of manual
Result: WARN
    LaTeX errors when creating PDF version.
    This typically indicates Rd problems.
Flavor: r-devel-windows-x86_64-gcc10-UCRT

Version: 2.15.1
Check: PDF version of manual without hyperrefs or index
Result: ERROR
    Re-running with no redirection of stdout/stderr.
Flavor: r-devel-windows-x86_64-gcc10-UCRT