CRAN Package Check Results for Package LaplacesDemon

Last updated on 2022-09-25 03:54:33 CEST.

Flavor Version Tinstall Tcheck Ttotal Status Flags
r-devel-linux-x86_64-debian-clang 16.1.6 48.28 300.95 349.23 NOTE
r-devel-linux-x86_64-debian-gcc 16.1.6 37.08 221.39 258.47 NOTE
r-devel-linux-x86_64-fedora-clang 16.1.6 441.30 NOTE
r-devel-linux-x86_64-fedora-gcc 16.1.6 453.49 NOTE
r-devel-windows-x86_64 16.1.6 593.00 408.00 1001.00 NOTE
r-patched-linux-x86_64 16.1.6 57.16 280.68 337.84 OK
r-release-linux-x86_64 16.1.6 49.47 279.49 328.96 OK
r-release-macos-arm64 16.1.6 92.00 NOTE
r-release-macos-x86_64 16.1.6 139.00 OK
r-release-windows-x86_64 16.1.6 470.00 403.00 873.00 OK
r-oldrel-macos-arm64 16.1.6 118.00 NOTE
r-oldrel-macos-x86_64 16.1.6 158.00 OK
r-oldrel-windows-ix86+x86_64 16.1.6 76.00 298.00 374.00 OK

Check Details

Version: 16.1.6
Check: Rd files
Result: NOTE
    checkRd: (-1) LaplaceApproximation.Rd:485: Escaped LaTeX specials: \&
    checkRd: (-1) LossMatrix.Rd:115: Escaped LaTeX specials: \&
    checkRd: (-1) LossMatrix.Rd:117: Escaped LaTeX specials: \&
Flavors: r-devel-linux-x86_64-debian-clang, r-devel-linux-x86_64-debian-gcc, r-devel-linux-x86_64-fedora-clang, r-devel-linux-x86_64-fedora-gcc, r-devel-windows-x86_64

Version: 16.1.6
Check: installed package size
Result: NOTE
     installed size is 5.4Mb
     sub-directories of 1Mb or more:
     R 2.1Mb
     doc 1.7Mb
     help 1.1Mb
Flavors: r-release-macos-arm64, r-oldrel-macos-arm64