CRAN Package Check Results for Package LW1949

Last updated on 2022-10-07 15:53:01 CEST.

Flavor Version Tinstall Tcheck Ttotal Status Flags
r-devel-linux-x86_64-debian-clang 1.1.0 10.74 91.74 102.48 NOTE
r-devel-linux-x86_64-debian-gcc 1.1.0 8.19 71.46 79.65 NOTE
r-devel-linux-x86_64-fedora-clang 1.1.0 138.29 NOTE
r-devel-linux-x86_64-fedora-gcc 1.1.0 142.32 NOTE
r-devel-windows-x86_64 1.1.0 18.00 128.00 146.00 NOTE
r-patched-linux-x86_64 1.1.0 12.41 90.45 102.86 NOTE
r-release-linux-x86_64 1.1.0 10.20 89.49 99.69 NOTE
r-release-macos-arm64 1.1.0 47.00 NOTE
r-release-macos-x86_64 1.1.0 65.00 NOTE
r-release-windows-x86_64 1.1.0 23.00 127.00 150.00 NOTE
r-oldrel-macos-arm64 1.1.0 60.00 NOTE
r-oldrel-macos-x86_64 1.1.0 89.00 NOTE
r-oldrel-windows-ix86+x86_64 1.1.0 20.00 114.00 134.00 NOTE

Check Details

Version: 1.1.0
Check: LazyData
Result: NOTE
     'LazyData' is specified without a 'data' directory
Flavors: r-devel-linux-x86_64-debian-clang, r-devel-linux-x86_64-debian-gcc, r-devel-linux-x86_64-fedora-clang, r-devel-linux-x86_64-fedora-gcc, r-devel-windows-x86_64, r-patched-linux-x86_64, r-release-linux-x86_64, r-release-macos-arm64, r-release-macos-x86_64, r-release-windows-x86_64, r-oldrel-macos-arm64, r-oldrel-macos-x86_64, r-oldrel-windows-ix86+x86_64

Version: 1.1.0
Check: Rd cross-references
Result: NOTE
    Undeclared package ‘zoo’ in Rd xrefs
Flavor: r-devel-linux-x86_64-fedora-clang