Last updated on 2023-02-06 15:57:20 CET.
Flavor | Version | Tinstall | Tcheck | Ttotal | Status | Flags |
---|---|---|---|---|---|---|
r-devel-linux-x86_64-debian-clang | 0.2.0 | 2.12 | 20.74 | 22.86 | NOTE | |
r-devel-linux-x86_64-debian-gcc | 0.2.0 | 1.55 | 16.34 | 17.89 | NOTE | |
r-devel-linux-x86_64-fedora-clang | 0.2.0 | 29.87 | NOTE | |||
r-devel-linux-x86_64-fedora-gcc | 0.2.0 | 28.31 | NOTE | |||
r-devel-windows-x86_64 | 0.2.0 | 10.00 | 51.00 | 61.00 | NOTE | |
r-patched-linux-x86_64 | 0.2.0 | 2.02 | 21.76 | 23.78 | NOTE | |
r-release-linux-x86_64 | 0.2.0 | 2.01 | 22.00 | 24.01 | NOTE | |
r-release-macos-arm64 | 0.2.0 | 16.00 | NOTE | |||
r-release-macos-x86_64 | 0.2.0 | 19.00 | NOTE | |||
r-release-windows-x86_64 | 0.2.0 | 11.00 | 53.00 | 64.00 | NOTE | |
r-oldrel-macos-arm64 | 0.2.0 | 17.00 | NOTE | |||
r-oldrel-macos-x86_64 | 0.2.0 | 25.00 | NOTE | |||
r-oldrel-windows-ix86+x86_64 | 0.2.0 | 5.00 | 47.00 | 52.00 | NOTE |
Version: 0.2.0
Check: LazyData
Result: NOTE
'LazyData' is specified without a 'data' directory
Flavors: r-devel-linux-x86_64-debian-clang, r-devel-linux-x86_64-debian-gcc, r-devel-linux-x86_64-fedora-clang, r-devel-linux-x86_64-fedora-gcc, r-devel-windows-x86_64, r-patched-linux-x86_64, r-release-linux-x86_64, r-release-macos-arm64, r-release-macos-x86_64, r-release-windows-x86_64, r-oldrel-macos-arm64, r-oldrel-macos-x86_64, r-oldrel-windows-ix86+x86_64