Last updated on 2022-06-30 15:51:44 CEST.
Flavor | Version | Tinstall | Tcheck | Ttotal | Status | Flags |
---|---|---|---|---|---|---|
r-devel-linux-x86_64-debian-clang | 2.0.2 | 15.46 | 131.44 | 146.90 | OK | |
r-devel-linux-x86_64-debian-gcc | 2.0.2 | 10.85 | 97.14 | 107.99 | OK | |
r-devel-linux-x86_64-fedora-clang | 2.0.2 | 192.61 | WARN | |||
r-devel-linux-x86_64-fedora-gcc | 2.0.2 | 179.74 | WARN | |||
r-devel-windows-x86_64 | 2.0.2 | 21.00 | 144.00 | 165.00 | OK | |
r-patched-linux-x86_64 | 2.0.2 | 12.75 | 124.89 | 137.64 | OK | |
r-release-linux-x86_64 | 2.0.2 | 15.15 | 124.93 | 140.08 | OK | |
r-release-macos-arm64 | 2.0.2 | 50.00 | OK | |||
r-release-macos-x86_64 | 2.0.2 | 100.00 | OK | |||
r-release-windows-x86_64 | 2.0.2 | 22.00 | 142.00 | 164.00 | OK | |
r-oldrel-macos-arm64 | 2.0.2 | 67.00 | OK | |||
r-oldrel-macos-x86_64 | 2.0.2 | 89.00 | OK | |||
r-oldrel-windows-ix86+x86_64 | 2.0.2 | 35.00 | 138.00 | 173.00 | OK |
Version: 2.0.2
Check: package dependencies
Result: WARN
Requires (indirectly) orphaned package: ‘gtools’
Flavors: r-devel-linux-x86_64-fedora-clang, r-devel-linux-x86_64-fedora-gcc