CRAN Package Check Results for Package LN0SCIs

Last updated on 2020-09-20 16:14:21 CEST.

Flavor Version Tinstall Tcheck Ttotal Status Flags
r-devel-linux-x86_64-debian-clang 0.1.5 2.33 30.61 32.94 NOTE
r-devel-linux-x86_64-debian-gcc 0.1.5 2.07 23.94 26.01 NOTE
r-devel-linux-x86_64-fedora-clang 0.1.5 49.71 OK
r-devel-linux-x86_64-fedora-gcc 0.1.5 40.28 OK
r-devel-windows-ix86+x86_64 0.1.5 6.00 47.00 53.00 NOTE
r-patched-linux-x86_64 0.1.5 2.65 29.96 32.61 NOTE
r-patched-solaris-x86 0.1.5 52.10 OK
r-release-linux-x86_64 0.1.5 2.55 30.16 32.71 NOTE
r-release-macos-x86_64 0.1.5 OK
r-release-windows-ix86+x86_64 0.1.5 10.00 59.00 69.00 NOTE
r-oldrel-macos-x86_64 0.1.5 OK
r-oldrel-windows-ix86+x86_64 0.1.5 4.00 49.00 53.00 OK

Check Details

Version: 0.1.5
Check: package vignettes
Result: NOTE
    Package vignette with placeholder title 'Vignette Title':
     'LN0SCIs-tutorial.Rmd'
Flavors: r-devel-linux-x86_64-debian-clang, r-devel-linux-x86_64-debian-gcc, r-devel-windows-ix86+x86_64, r-patched-linux-x86_64, r-release-linux-x86_64, r-release-windows-ix86+x86_64