CRAN Package Check Results for Package LLM

Last updated on 2021-09-19 03:51:12 CEST.

Flavor Version Tinstall Tcheck Ttotal Status Flags
r-devel-linux-x86_64-debian-clang 1.1.0 14.73 141.62 156.35 NOTE
r-devel-linux-x86_64-debian-gcc 1.1.0 12.53 105.71 118.24 NOTE
r-devel-linux-x86_64-fedora-clang 1.1.0 194.80 NOTE
r-devel-linux-x86_64-fedora-gcc 1.1.0 187.50 NOTE
r-devel-windows-x86_64 1.1.0 16.00 113.00 129.00 NOTE
r-devel-windows-x86_64-gcc10-UCRT 1.1.0 ERROR
r-patched-linux-x86_64 1.1.0 16.31 134.99 151.30 NOTE
r-release-linux-x86_64 1.1.0 14.48 136.73 151.21 NOTE
r-release-macos-arm64 1.1.0 NOTE
r-release-macos-x86_64 1.1.0 NOTE
r-release-windows-ix86+x86_64 1.1.0 30.00 154.00 184.00 NOTE
r-oldrel-macos-x86_64 1.1.0 OK
r-oldrel-windows-ix86+x86_64 1.1.0 31.00 112.00 143.00 OK

Check Details

Version: 1.1.0
Check: LazyData
Result: NOTE
     'LazyData' is specified without a 'data' directory
Flavors: r-devel-linux-x86_64-debian-clang, r-devel-linux-x86_64-debian-gcc, r-devel-linux-x86_64-fedora-clang, r-devel-linux-x86_64-fedora-gcc, r-devel-windows-x86_64, r-devel-windows-x86_64-gcc10-UCRT, r-patched-linux-x86_64, r-release-linux-x86_64, r-release-macos-arm64, r-release-macos-x86_64, r-release-windows-ix86+x86_64

Version: 1.1.0
Check: whether package can be installed
Result: WARN
    Found the following significant warnings:
     WARNING: installation-time patches will not be applied, could not get the patches index
Flavor: r-devel-windows-x86_64-gcc10-UCRT

Version: 1.1.0
Check: PDF version of manual
Result: WARN
    LaTeX errors when creating PDF version.
    This typically indicates Rd problems.
Flavor: r-devel-windows-x86_64-gcc10-UCRT

Version: 1.1.0
Check: PDF version of manual without hyperrefs or index
Result: ERROR
    Re-running with no redirection of stdout/stderr.
Flavor: r-devel-windows-x86_64-gcc10-UCRT