CRAN Package Check Results for Package LDheatmap

Last updated on 2021-01-26 15:49:49 CET.

Flavor Version Tinstall Tcheck Ttotal Status Flags
r-devel-linux-x86_64-debian-clang 1.0-4 21.59 75.07 96.66 OK
r-devel-linux-x86_64-debian-gcc 1.0-4 14.19 57.71 71.90 OK
r-devel-linux-x86_64-fedora-clang 1.0-4 132.16 NOTE
r-devel-linux-x86_64-fedora-gcc 1.0-4 119.12 OK
r-devel-windows-ix86+x86_64 1.0-4 49.00 145.00 194.00 OK
r-patched-linux-x86_64 1.0-4 16.85 70.41 87.26 OK
r-patched-solaris-x86 1.0-4 147.40 OK
r-release-linux-x86_64 1.0-4 16.22 69.86 86.08 WARN
r-release-macos-x86_64 1.0-4 OK
r-release-windows-ix86+x86_64 1.0-4 50.00 104.00 154.00 OK
r-oldrel-macos-x86_64 1.0-4 ERROR

Check Details

Version: 1.0-4
Check: Rd cross-references
Result: NOTE
    Undeclared package ‘RColorBrewer’ in Rd xrefs
Flavor: r-devel-linux-x86_64-fedora-clang

Version: 1.0-4
Check: re-building of vignette outputs
Result: WARN
    Error(s) in re-building vignettes:
     ...
    --- re-building ‘LDheatmap.Rnw’ using Sweave
    Loading required package: grid
    Error: processing vignette 'LDheatmap.Rnw' failed with diagnostics:
    Running ‘texi2dvi’ on ‘LDheatmap.tex’ failed.
    LaTeX errors:
    ! Undefined control sequence.
    \hyper@linkurl ...tionraw >>}\relax \Hy@colorlink
     \@urlcolor #1\Hy@xspace@en...
    l.57 \begin{document}
    
    ! Undefined control sequence.
    \close@pdflink ->\Hy@endcolorlink
     \Hy@VerboseLinkStop \pdfendlink
    l.57 \begin{document}
    
    --- failed re-building ‘LDheatmap.Rnw’
    
    SUMMARY: processing the following file failed:
     ‘LDheatmap.Rnw’
    
    Error: Vignette re-building failed.
    Execution halted
Flavor: r-release-linux-x86_64

Version: 1.0-4
Check: whether package can be installed
Result: ERROR
    Installation failed.
Flavor: r-oldrel-macos-x86_64