CRAN Package Check Results for Package LCAvarsel

Last updated on 2022-06-30 03:53:26 CEST.

Flavor Version Tinstall Tcheck Ttotal Status Flags
r-devel-linux-x86_64-debian-clang 1.1 4.28 37.16 41.44 NOTE
r-devel-linux-x86_64-debian-gcc 1.1 2.33 28.48 30.81 NOTE
r-devel-linux-x86_64-fedora-clang 1.1 62.64 NOTE
r-devel-linux-x86_64-fedora-gcc 1.1 59.11 NOTE
r-devel-windows-x86_64 1.1 9.00 64.00 73.00 NOTE
r-patched-linux-x86_64 1.1 5.91 36.02 41.93 NOTE
r-release-linux-x86_64 1.1 3.15 36.15 39.30 NOTE
r-release-macos-arm64 1.1 21.00 NOTE
r-release-macos-x86_64 1.1 27.00 NOTE
r-release-windows-x86_64 1.1 20.00 64.00 84.00 NOTE
r-oldrel-macos-arm64 1.1 25.00 NOTE
r-oldrel-macos-x86_64 1.1 35.00 NOTE
r-oldrel-windows-ix86+x86_64 1.1 8.00 54.00 62.00 NOTE

Check Details

Version: 1.1
Check: LazyData
Result: NOTE
     'LazyData' is specified without a 'data' directory
Flavors: r-devel-linux-x86_64-debian-clang, r-devel-linux-x86_64-debian-gcc, r-devel-linux-x86_64-fedora-clang, r-devel-linux-x86_64-fedora-gcc, r-devel-windows-x86_64, r-patched-linux-x86_64, r-release-linux-x86_64, r-release-macos-arm64, r-release-macos-x86_64, r-release-windows-x86_64, r-oldrel-macos-arm64, r-oldrel-macos-x86_64, r-oldrel-windows-ix86+x86_64

Version: 1.1
Check: dependencies in R code
Result: NOTE
    Namespace in Imports field not imported from: ‘doParallel’
     All declared Imports should be used.
Flavors: r-devel-linux-x86_64-fedora-clang, r-devel-linux-x86_64-fedora-gcc, r-release-macos-arm64, r-release-macos-x86_64, r-oldrel-macos-arm64, r-oldrel-macos-x86_64