Last updated on 2023-03-26 15:52:36 CEST.
Flavor | Version | Tinstall | Tcheck | Ttotal | Status | Flags |
---|---|---|---|---|---|---|
r-devel-linux-x86_64-debian-clang | 2.0 | 9.61 | 156.74 | 166.35 | OK | |
r-devel-linux-x86_64-debian-gcc | 2.0 | 10.05 | 118.72 | 128.77 | OK | |
r-devel-linux-x86_64-fedora-gcc | 2.0 | 223.51 | NOTE | |||
r-devel-windows-x86_64 | 2.0 | 34.00 | 244.00 | 278.00 | OK | |
r-patched-linux-x86_64 | 2.0 | 12.10 | 149.79 | 161.89 | OK | |
r-release-linux-x86_64 | 2.0 | 10.43 | 149.84 | 160.27 | OK | |
r-release-macos-arm64 | 2.0 | 62.00 | NOTE | |||
r-release-macos-x86_64 | 2.0 | 81.00 | NOTE | |||
r-release-windows-x86_64 | 2.0 | 36.00 | 229.00 | 265.00 | OK | |
r-oldrel-macos-arm64 | 2.0 | 52.00 | NOTE | |||
r-oldrel-macos-x86_64 | 2.0 | 82.00 | NOTE | |||
r-oldrel-windows-ix86+x86_64 | 2.0 | 23.00 | 195.00 | 218.00 | OK |
Version: 2.0
Check: dependencies in R code
Result: NOTE
Namespace in Imports field not imported from: ‘robustbase’
All declared Imports should be used.
Flavors: r-devel-linux-x86_64-fedora-gcc, r-release-macos-arm64, r-release-macos-x86_64, r-oldrel-macos-arm64, r-oldrel-macos-x86_64