CRAN Package Check Results for Package KnowBR

Last updated on 2022-09-24 15:55:23 CEST.

Flavor Version Tinstall Tcheck Ttotal Status Flags
r-devel-linux-x86_64-debian-clang 2.1 15.76 133.35 149.11 NOTE
r-devel-linux-x86_64-debian-gcc 2.1 13.10 100.05 113.15 NOTE
r-devel-linux-x86_64-fedora-clang 2.1 190.56 NOTE
r-devel-linux-x86_64-fedora-gcc 2.1 203.57 NOTE
r-devel-windows-x86_64 2.1 18.00 142.00 160.00 OK
r-patched-linux-x86_64 2.1 13.25 126.32 139.57 NOTE
r-release-linux-x86_64 2.1 13.98 126.30 140.28 NOTE
r-release-macos-arm64 2.1 46.00 NOTE
r-release-macos-x86_64 2.1 72.00 NOTE
r-release-windows-x86_64 2.1 20.00 147.00 167.00 OK
r-oldrel-macos-arm64 2.1 53.00 NOTE
r-oldrel-macos-x86_64 2.1 61.00 NOTE
r-oldrel-windows-ix86+x86_64 2.1 30.00 146.00 176.00 OK

Check Details

Version: 2.1
Check: package dependencies
Result: NOTE
    Package suggested but not available for checking: 'VARSEDIG'
Flavors: r-devel-linux-x86_64-debian-clang, r-devel-linux-x86_64-debian-gcc, r-devel-linux-x86_64-fedora-clang, r-devel-linux-x86_64-fedora-gcc, r-patched-linux-x86_64, r-release-linux-x86_64

Version: 2.1
Check: Rd cross-references
Result: NOTE
    Unknown package 'VARSEDIG' in Rd xrefs
Flavors: r-devel-linux-x86_64-debian-clang, r-devel-linux-x86_64-debian-gcc, r-devel-linux-x86_64-fedora-gcc, r-patched-linux-x86_64, r-release-linux-x86_64

Version: 2.1
Check: Rd cross-references
Result: NOTE
    Undeclared packages ‘usdm’, ‘car’, ‘IDPmisc’, ‘psych’, ‘REdaS’, ‘candisc’ in Rd xrefs
    Unknown package ‘VARSEDIG’ in Rd xrefs
Flavor: r-devel-linux-x86_64-fedora-clang

Version: 2.1
Check: data for non-ASCII characters
Result: NOTE
     Note: found 9 marked Latin-1 strings
Flavors: r-devel-linux-x86_64-fedora-clang, r-devel-linux-x86_64-fedora-gcc, r-release-macos-arm64, r-release-macos-x86_64, r-oldrel-macos-arm64, r-oldrel-macos-x86_64

Version: 2.1
Check: Rd cross-references
Result: NOTE
    Unknown package ‘REdaS’ in Rd xrefs
Flavor: r-release-macos-x86_64