CRAN Package Check Results for Package Kcop

Last updated on 2024-07-21 03:55:26 CEST.

Flavor Version Tinstall Tcheck Ttotal Status Flags
r-devel-linux-x86_64-debian-clang 1.0.0 2.62 36.32 38.94 OK
r-devel-linux-x86_64-debian-gcc 1.0.0 2.23 26.93 29.16 OK
r-devel-linux-x86_64-fedora-clang 1.0.0 48.72 NOTE
r-devel-linux-x86_64-fedora-gcc 1.0.0 45.49 NOTE
r-devel-windows-x86_64 1.0.0 4.00 53.00 57.00 OK
r-patched-linux-x86_64 1.0.0 3.00 34.94 37.94 OK
r-release-linux-x86_64 1.0.0 2.85 35.18 38.03 OK
r-release-macos-arm64 1.0.0 18.00 OK
r-release-macos-x86_64 1.0.0 28.00 OK
r-release-windows-x86_64 1.0.0 5.00 52.00 57.00 OK
r-oldrel-macos-arm64 1.0.0 22.00 OK
r-oldrel-macos-x86_64 1.0.0 26.00 OK
r-oldrel-windows-x86_64 1.0.0 5.00 55.00 60.00 OK

Check Details

Version: 1.0.0
Check: dependencies in R code
Result: NOTE Namespace in Imports field not imported from: ‘base’ All declared Imports should be used. Flavors: r-devel-linux-x86_64-fedora-clang, r-devel-linux-x86_64-fedora-gcc