Last updated on 2023-02-08 04:07:06 CET.
Flavor | Version | Tinstall | Tcheck | Ttotal | Status | Flags |
---|---|---|---|---|---|---|
r-devel-linux-x86_64-debian-clang | 0.99.0 | 3.01 | 35.10 | 38.11 | NOTE | |
r-devel-linux-x86_64-debian-gcc | 0.99.0 | 2.80 | 26.51 | 29.31 | NOTE | |
r-devel-linux-x86_64-fedora-clang | 0.99.0 | 47.42 | NOTE | |||
r-devel-linux-x86_64-fedora-gcc | 0.99.0 | 57.89 | NOTE | |||
r-devel-windows-x86_64 | 0.99.0 | 18.00 | 63.00 | 81.00 | OK | |
r-patched-linux-x86_64 | 0.99.0 | 3.01 | 33.78 | 36.79 | NOTE | |
r-release-linux-x86_64 | 0.99.0 | 3.65 | 34.71 | 38.36 | NOTE | |
r-release-macos-arm64 | 0.99.0 | 19.00 | OK | |||
r-release-macos-x86_64 | 0.99.0 | 29.00 | OK | |||
r-release-windows-x86_64 | 0.99.0 | 22.00 | 67.00 | 89.00 | OK | |
r-oldrel-macos-arm64 | 0.99.0 | 25.00 | OK | |||
r-oldrel-macos-x86_64 | 0.99.0 | 34.00 | OK | |||
r-oldrel-windows-ix86+x86_64 | 0.99.0 | 6.00 | 60.00 | 66.00 | OK |
Version: 0.99.0
Check: for non-standard things in the check directory
Result: NOTE
Found the following files/directories:
‘KSEA Bar Plot.tiff’ ‘KSEA Kinase Scores.csv’
‘KSEA.Merged.Heatmap.png’ ‘Kinase-Substrate Links.csv’
Flavors: r-devel-linux-x86_64-debian-clang, r-devel-linux-x86_64-debian-gcc, r-devel-linux-x86_64-fedora-clang, r-devel-linux-x86_64-fedora-gcc, r-patched-linux-x86_64, r-release-linux-x86_64