CRAN Package Check Results for Package KRMM

Last updated on 2022-07-02 03:51:31 CEST.

Flavor Version Tinstall Tcheck Ttotal Status Flags
r-devel-linux-x86_64-debian-clang 1.0 5.66 48.05 53.71 NOTE
r-devel-linux-x86_64-debian-gcc 1.0 4.65 37.35 42.00 NOTE
r-devel-linux-x86_64-fedora-clang 1.0 78.16 NOTE
r-devel-linux-x86_64-fedora-gcc 1.0 74.08 NOTE
r-devel-windows-x86_64 1.0 11.00 69.00 80.00 NOTE
r-patched-linux-x86_64 1.0 5.29 46.17 51.46 NOTE
r-release-linux-x86_64 1.0 3.68 47.01 50.69 NOTE
r-release-macos-arm64 1.0 21.00 NOTE
r-release-macos-x86_64 1.0 30.00 NOTE
r-release-windows-x86_64 1.0 9.00 70.00 79.00 NOTE
r-oldrel-macos-arm64 1.0 27.00 NOTE
r-oldrel-macos-x86_64 1.0 41.00 NOTE
r-oldrel-windows-ix86+x86_64 1.0 12.00 64.00 76.00 NOTE

Check Details

Version: 1.0
Check: LazyData
Result: NOTE
     'LazyData' is specified without a 'data' directory
Flavors: r-devel-linux-x86_64-debian-clang, r-devel-linux-x86_64-debian-gcc, r-devel-linux-x86_64-fedora-clang, r-devel-linux-x86_64-fedora-gcc, r-devel-windows-x86_64, r-patched-linux-x86_64, r-release-linux-x86_64, r-release-macos-arm64, r-release-macos-x86_64, r-release-windows-x86_64, r-oldrel-macos-arm64, r-oldrel-macos-x86_64, r-oldrel-windows-ix86+x86_64