CRAN Package Check Results for Package KNNShiny

Last updated on 2021-12-07 03:53:45 CET.

Flavor Version Tinstall Tcheck Ttotal Status Flags
r-devel-linux-x86_64-debian-clang 0.1.0 2.20 27.80 30.00 NOTE
r-devel-linux-x86_64-debian-gcc 0.1.0 1.83 21.89 23.72 NOTE
r-devel-linux-x86_64-fedora-clang 0.1.0 37.52 NOTE
r-devel-linux-x86_64-fedora-gcc 0.1.0 26.20 NOTE
r-devel-windows-x86_64-new-UL 0.1.0 8.00 51.00 59.00 NOTE
r-devel-windows-x86_64-new-TK 0.1.0 NOTE
r-devel-windows-x86_64-old 0.1.0 5.00 36.00 41.00 NOTE
r-patched-linux-x86_64 0.1.0 2.24 18.48 20.72 NOTE
r-release-linux-x86_64 0.1.0 1.69 26.66 28.35 NOTE
r-release-macos-arm64 0.1.0 NOTE
r-release-macos-x86_64 0.1.0 NOTE
r-release-windows-ix86+x86_64 0.1.0 5.00 36.00 41.00 NOTE
r-oldrel-macos-x86_64 0.1.0 NOTE
r-oldrel-windows-ix86+x86_64 0.1.0 7.00 39.00 46.00 OK

Check Details

Version: 0.1.0
Check: LazyData
Result: NOTE
     'LazyData' is specified without a 'data' directory
Flavors: r-devel-linux-x86_64-debian-clang, r-devel-linux-x86_64-debian-gcc, r-devel-linux-x86_64-fedora-clang, r-devel-linux-x86_64-fedora-gcc, r-devel-windows-x86_64-new-UL, r-devel-windows-x86_64-new-TK, r-devel-windows-x86_64-old, r-patched-linux-x86_64, r-release-linux-x86_64, r-release-macos-arm64, r-release-macos-x86_64, r-release-windows-ix86+x86_64

Version: 0.1.0
Check: dependencies in R code
Result: NOTE
    Namespaces in Imports field not imported from:
     ‘FNN’ ‘caret’ ‘datasets’ ‘dplyr’ ‘e1071’ ‘psycho’ ‘rhandsontable’
     ‘shiny’
     All declared Imports should be used.
Flavors: r-devel-linux-x86_64-fedora-clang, r-devel-linux-x86_64-fedora-gcc, r-devel-windows-x86_64-new-TK, r-release-macos-arm64, r-release-macos-x86_64, r-oldrel-macos-x86_64