CRAN Package Check Results for Package Jaya

Last updated on 2020-10-21 03:47:23 CEST.

Flavor Version Tinstall Tcheck Ttotal Status Flags
r-devel-linux-x86_64-debian-clang 0.1.9 2.09 134.80 136.89 OK
r-devel-linux-x86_64-debian-gcc 0.1.9 1.72 97.30 99.02 OK
r-devel-linux-x86_64-fedora-clang 0.1.9 159.09 NOTE
r-devel-linux-x86_64-fedora-gcc 0.1.9 170.29 NOTE
r-devel-windows-ix86+x86_64 0.1.9 4.00 122.00 126.00 OK
r-patched-linux-x86_64 0.1.9 2.05 127.02 129.07 OK
r-patched-solaris-x86 0.1.9 171.00 NOTE
r-release-linux-x86_64 0.1.9 1.93 127.95 129.88 OK
r-release-macos-x86_64 0.1.9 NOTE
r-release-windows-ix86+x86_64 0.1.9 3.00 155.00 158.00 OK
r-oldrel-macos-x86_64 0.1.9 NOTE
r-oldrel-windows-ix86+x86_64 0.1.9 3.00 119.00 122.00 OK

Check Details

Version: 0.1.9
Check: dependencies in R code
Result: NOTE
    Namespace in Imports field not imported from: ‘GA’
     All declared Imports should be used.
Flavors: r-devel-linux-x86_64-fedora-clang, r-devel-linux-x86_64-fedora-gcc, r-patched-solaris-x86, r-release-macos-x86_64, r-oldrel-macos-x86_64