CRAN Package Check Results for Package Jaya

Last updated on 2022-07-06 03:52:18 CEST.

Flavor Version Tinstall Tcheck Ttotal Status Flags
r-devel-linux-x86_64-debian-clang 0.1.9 2.35 135.75 138.10 NOTE
r-devel-linux-x86_64-debian-gcc 0.1.9 1.54 95.80 97.34 NOTE
r-devel-linux-x86_64-fedora-clang 0.1.9 169.31 NOTE
r-devel-linux-x86_64-fedora-gcc 0.1.9 164.82 NOTE
r-devel-windows-x86_64 0.1.9 9.00 154.00 163.00 NOTE
r-patched-linux-x86_64 0.1.9 2.44 125.80 128.24 NOTE
r-release-linux-x86_64 0.1.9 1.84 128.46 130.30 NOTE
r-release-macos-arm64 0.1.9 37.00 NOTE
r-release-macos-x86_64 0.1.9 58.00 NOTE
r-release-windows-x86_64 0.1.9 7.00 161.00 168.00 NOTE
r-oldrel-macos-arm64 0.1.9 47.00 NOTE
r-oldrel-macos-x86_64 0.1.9 84.00 NOTE
r-oldrel-windows-ix86+x86_64 0.1.9 5.00 163.00 168.00 NOTE

Check Details

Version: 0.1.9
Check: LazyData
Result: NOTE
     'LazyData' is specified without a 'data' directory
Flavors: r-devel-linux-x86_64-debian-clang, r-devel-linux-x86_64-debian-gcc, r-devel-linux-x86_64-fedora-clang, r-devel-linux-x86_64-fedora-gcc, r-devel-windows-x86_64, r-patched-linux-x86_64, r-release-linux-x86_64, r-release-macos-arm64, r-release-macos-x86_64, r-release-windows-x86_64, r-oldrel-macos-arm64, r-oldrel-macos-x86_64, r-oldrel-windows-ix86+x86_64

Version: 0.1.9
Check: dependencies in R code
Result: NOTE
    Namespace in Imports field not imported from: ‘GA’
     All declared Imports should be used.
Flavors: r-devel-linux-x86_64-fedora-clang, r-devel-linux-x86_64-fedora-gcc, r-release-macos-arm64, r-release-macos-x86_64, r-oldrel-macos-arm64, r-oldrel-macos-x86_64