CRAN Package Check Results for Package JMcmprsk

Last updated on 2020-09-24 15:48:32 CEST.

Flavor Version Tinstall Tcheck Ttotal Status Flags
r-devel-linux-x86_64-debian-clang 0.9.8 58.16 42.09 100.25 OK
r-devel-linux-x86_64-debian-gcc 0.9.8 47.92 32.28 80.20 OK
r-devel-linux-x86_64-fedora-clang 0.9.8 166.93 OK
r-devel-linux-x86_64-fedora-gcc 0.9.8 149.05 OK
r-devel-windows-ix86+x86_64 0.9.8 145.00 115.00 260.00 OK
r-patched-linux-x86_64 0.9.8 51.41 40.56 91.97 OK
r-patched-solaris-x86 0.9.8 152.60 OK
r-release-linux-x86_64 0.9.8 49.30 40.81 90.11 OK
r-release-macos-x86_64 0.9.8 NOTE
r-release-windows-ix86+x86_64 0.9.8 122.00 112.00 234.00 OK
r-oldrel-macos-x86_64 0.9.8 NOTE
r-oldrel-windows-ix86+x86_64 0.9.8 110.00 100.00 210.00 OK

Check Details

Version: 0.9.8
Check: installed package size
Result: NOTE
     installed size is 5.5Mb
     sub-directories of 1Mb or more:
     libs 4.9Mb
Flavors: r-release-macos-x86_64, r-oldrel-macos-x86_64