Last updated on 2022-06-30 15:51:43 CEST.
Flavor | Version | Tinstall | Tcheck | Ttotal | Status | Flags |
---|---|---|---|---|---|---|
r-devel-linux-x86_64-debian-clang | 0.2-0 | 104.53 | 143.87 | 248.40 | OK | |
r-devel-linux-x86_64-debian-gcc | 0.2-0 | 86.82 | 104.56 | 191.38 | OK | |
r-devel-linux-x86_64-fedora-clang | 0.2-0 | 344.31 | NOTE | |||
r-devel-linux-x86_64-fedora-gcc | 0.2-0 | 345.17 | OK | |||
r-devel-windows-x86_64 | 0.2-0 | 101.00 | 180.00 | 281.00 | OK | |
r-patched-linux-x86_64 | 0.2-0 | 94.11 | 138.78 | 232.89 | OK | |
r-release-linux-x86_64 | 0.2-0 | 92.36 | 133.10 | 225.46 | OK | |
r-release-macos-arm64 | 0.2-0 | 76.00 | NOTE | |||
r-release-macos-x86_64 | 0.2-0 | 150.00 | NOTE | |||
r-release-windows-x86_64 | 0.2-0 | 94.00 | 175.00 | 269.00 | OK | |
r-oldrel-macos-arm64 | 0.2-0 | 57.00 | NOTE | |||
r-oldrel-macos-x86_64 | 0.2-0 | 98.00 | NOTE | |||
r-oldrel-windows-ix86+x86_64 | 0.2-0 | 205.00 | 203.00 | 408.00 | OK |
Version: 0.2-0
Check: installed package size
Result: NOTE
installed size is 7.1Mb
sub-directories of 1Mb or more:
libs 6.4Mb
Flavors: r-devel-linux-x86_64-fedora-clang, r-release-macos-arm64, r-release-macos-x86_64, r-oldrel-macos-arm64, r-oldrel-macos-x86_64