CRAN Package Check Results for Package JGR

Last updated on 2020-10-21 03:47:23 CEST.

Flavor Version Tinstall Tcheck Ttotal Status Flags
r-devel-linux-x86_64-debian-clang 1.8-7 5.06 38.05 43.11 OK
r-devel-linux-x86_64-debian-gcc 1.8-7 4.12 29.22 33.34 OK
r-devel-linux-x86_64-fedora-clang 1.8-7 63.04 OK
r-devel-linux-x86_64-fedora-gcc 1.8-7 54.24 OK
r-devel-windows-ix86+x86_64 1.8-7 8.00 44.00 52.00 OK
r-patched-linux-x86_64 1.8-7 4.73 35.79 40.52 OK
r-patched-solaris-x86 1.8-7 76.00 NOTE
r-release-linux-x86_64 1.8-7 4.51 36.04 40.55 OK
r-release-macos-x86_64 1.8-7 OK --install=fake
r-release-windows-ix86+x86_64 1.8-7 7.00 56.00 63.00 OK
r-oldrel-macos-x86_64 1.8-7 OK --install=fake
r-oldrel-windows-ix86+x86_64 1.8-7 5.00 7.00 12.00 ERROR

Check Details

Version: 1.8-7
Check: package dependencies
Result: NOTE
    Package suggested but not available for checking: ‘XLConnect’
Flavor: r-patched-solaris-x86

Version: 1.8-7
Check: whether package can be installed
Result: ERROR
    Installation failed.
Flavor: r-oldrel-windows-ix86+x86_64