Last updated on 2023-02-02 04:05:51 CET.
Flavor | Version | Tinstall | Tcheck | Ttotal | Status | Flags |
---|---|---|---|---|---|---|
r-devel-linux-x86_64-debian-clang | 1.0 | 39.90 | 76.98 | 116.88 | NOTE | |
r-devel-linux-x86_64-debian-gcc | 1.0 | 32.16 | 57.78 | 89.94 | NOTE | |
r-devel-linux-x86_64-fedora-clang | 1.0 | 162.51 | NOTE | |||
r-devel-linux-x86_64-fedora-gcc | 1.0 | 154.07 | NOTE | |||
r-devel-windows-x86_64 | 1.0 | 58.00 | 134.00 | 192.00 | NOTE | |
r-patched-linux-x86_64 | 1.0 | 27.13 | 71.01 | 98.14 | OK | |
r-release-linux-x86_64 | 1.0 | 28.80 | 75.16 | 103.96 | OK | |
r-release-macos-arm64 | 1.0 | 39.00 | NOTE | |||
r-release-macos-x86_64 | 1.0 | 53.00 | NOTE | |||
r-release-windows-x86_64 | 1.0 | 47.00 | 131.00 | 178.00 | NOTE | |
r-oldrel-macos-arm64 | 1.0 | 35.00 | NOTE | |||
r-oldrel-macos-x86_64 | 1.0 | 52.00 | NOTE | |||
r-oldrel-windows-ix86+x86_64 | 1.0 | 103.00 | 159.00 | 262.00 | NOTE |
Version: 1.0
Check: C++ specification
Result: NOTE
Specified C++11: please update to current default of C++17
Flavors: r-devel-linux-x86_64-debian-clang, r-devel-linux-x86_64-debian-gcc, r-devel-linux-x86_64-fedora-clang, r-devel-linux-x86_64-fedora-gcc, r-devel-windows-x86_64
Version: 1.0
Check: installed package size
Result: NOTE
installed size is 5.9Mb
sub-directories of 1Mb or more:
extdata 5.5Mb
Flavors: r-devel-linux-x86_64-fedora-clang, r-devel-windows-x86_64, r-release-macos-arm64, r-release-macos-x86_64, r-release-windows-x86_64, r-oldrel-macos-arm64, r-oldrel-macos-x86_64, r-oldrel-windows-ix86+x86_64