CRAN Package Check Results for Package IsoGene

Last updated on 2020-09-18 15:52:49 CEST.

Flavor Version Tinstall Tcheck Ttotal Status Flags
r-devel-linux-x86_64-debian-clang 1.0-24 9.09 80.41 89.50 OK
r-devel-linux-x86_64-debian-gcc 1.0-24 6.37 60.75 67.12 OK
r-devel-linux-x86_64-fedora-clang 1.0-24 119.98 NOTE
r-devel-linux-x86_64-fedora-gcc 1.0-24 110.90 OK
r-devel-windows-ix86+x86_64 1.0-24 15.00 90.00 105.00 OK
r-patched-linux-x86_64 1.0-24 7.94 79.83 87.77 OK
r-patched-solaris-x86 1.0-24 147.90 OK
r-release-linux-x86_64 1.0-24 8.50 79.90 88.40 OK
r-release-windows-ix86+x86_64 1.0-24 15.00 114.00 129.00 OK
r-oldrel-windows-ix86+x86_64 1.0-24 10.00 102.00 112.00 OK

Check Details

Version: 1.0-24
Check: Rd cross-references
Result: NOTE
    Undeclared package ‘multtest’ in Rd xrefs
Flavor: r-devel-linux-x86_64-fedora-clang