CRAN Package Check Results for Package Irescale

Last updated on 2022-06-26 03:50:03 CEST.

Flavor Version Tinstall Tcheck Ttotal Status Flags
r-devel-linux-x86_64-debian-clang 2.3.0 11.67 158.78 170.45 NOTE
r-devel-linux-x86_64-debian-gcc 2.3.0 9.03 117.97 127.00 NOTE
r-devel-linux-x86_64-fedora-clang 2.3.0 220.94 NOTE
r-devel-linux-x86_64-fedora-gcc 2.3.0 203.54 NOTE
r-devel-windows-x86_64 2.3.0 37.00 193.00 230.00 NOTE
r-patched-linux-x86_64 2.3.0 9.22 148.79 158.01 NOTE
r-release-linux-x86_64 2.3.0 11.93 150.62 162.55 NOTE
r-release-macos-arm64 2.3.0 57.00 NOTE
r-release-macos-x86_64 2.3.0 147.00 NOTE
r-release-windows-x86_64 2.3.0 35.00 191.00 226.00 NOTE
r-oldrel-macos-arm64 2.3.0 77.00 NOTE
r-oldrel-macos-x86_64 2.3.0 140.00 NOTE
r-oldrel-windows-ix86+x86_64 2.3.0 27.00 170.00 197.00 NOTE

Check Details

Version: 2.3.0
Check: LazyData
Result: NOTE
     'LazyData' is specified without a 'data' directory
Flavors: r-devel-linux-x86_64-debian-clang, r-devel-linux-x86_64-debian-gcc, r-devel-linux-x86_64-fedora-clang, r-devel-linux-x86_64-fedora-gcc, r-devel-windows-x86_64, r-patched-linux-x86_64, r-release-linux-x86_64, r-release-macos-arm64, r-release-macos-x86_64, r-release-windows-x86_64, r-oldrel-macos-arm64, r-oldrel-macos-x86_64, r-oldrel-windows-ix86+x86_64