Last updated on 2022-07-06 03:52:17 CEST.
Flavor | Version | Tinstall | Tcheck | Ttotal | Status | Flags |
---|---|---|---|---|---|---|
r-devel-linux-x86_64-debian-clang | 1.1.3 | 3.79 | 130.19 | 133.98 | OK | |
r-devel-linux-x86_64-debian-gcc | 1.1.3 | 3.51 | 171.16 | 174.67 | OK | |
r-devel-linux-x86_64-fedora-clang | 1.1.3 | 279.80 | NOTE | |||
r-devel-linux-x86_64-fedora-gcc | 1.1.3 | 269.64 | NOTE | |||
r-devel-windows-x86_64 | 1.1.3 | 13.00 | 346.00 | 359.00 | OK | |
r-patched-linux-x86_64 | 1.1.3 | 2.92 | 207.35 | 210.27 | OK | |
r-release-linux-x86_64 | 1.1.3 | 3.82 | 211.48 | 215.30 | OK | |
r-release-macos-arm64 | 1.1.3 | 74.00 | NOTE | |||
r-release-macos-x86_64 | 1.1.3 | 115.00 | NOTE | |||
r-release-windows-x86_64 | 1.1.3 | 17.00 | 353.00 | 370.00 | OK | |
r-oldrel-macos-arm64 | 1.1.3 | 91.00 | NOTE | |||
r-oldrel-macos-x86_64 | 1.1.3 | 91.00 | NOTE | |||
r-oldrel-windows-ix86+x86_64 | 1.1.3 | 8.00 | 185.00 | 193.00 | OK |
Version: 1.1.3
Check: dependencies in R code
Result: NOTE
Namespaces in Imports field not imported from:
‘curl’ ‘readxl’
All declared Imports should be used.
Flavors: r-devel-linux-x86_64-fedora-clang, r-devel-linux-x86_64-fedora-gcc, r-release-macos-arm64, r-release-macos-x86_64, r-oldrel-macos-arm64, r-oldrel-macos-x86_64