CRAN Package Check Results for Package IntegratedMRF

Last updated on 2021-03-02 03:53:55 CET.

Flavor Version Tinstall Tcheck Ttotal Status Flags
r-devel-linux-x86_64-debian-clang 1.1.9 NOTE
r-devel-linux-x86_64-debian-gcc 1.1.9 15.82 37.33 53.15 NOTE
r-devel-linux-x86_64-fedora-clang 1.1.9 104.34 NOTE
r-devel-linux-x86_64-fedora-gcc 1.1.9 88.17 NOTE
r-devel-windows-ix86+x86_64 1.1.9 38.00 98.00 136.00 OK
r-patched-linux-x86_64 1.1.9 20.28 46.78 67.06 NOTE
r-patched-solaris-x86 1.1.9 113.70 NOTE
r-release-linux-x86_64 1.1.9 18.23 47.00 65.23 NOTE
r-release-macos-x86_64 1.1.9 OK
r-release-windows-ix86+x86_64 1.1.9 57.00 128.00 185.00 OK
r-oldrel-macos-x86_64 1.1.9 OK
r-oldrel-windows-ix86+x86_64 1.1.9 36.00 97.00 133.00 OK

Check Details

Version: 1.1.9
Check: for non-standard things in the check directory
Result: NOTE
    Found the following files/directories:
     'Error_Estimation_Response_1.tiff' 'Error_Estimation_Response_2.tiff'
     'Error_Estimation_Response_3.tiff'
Flavors: r-devel-linux-x86_64-debian-clang, r-devel-linux-x86_64-debian-gcc, r-devel-linux-x86_64-fedora-clang, r-devel-linux-x86_64-fedora-gcc, r-patched-linux-x86_64, r-patched-solaris-x86, r-release-linux-x86_64