CRAN Package Check Results for Package InflectSSP

Last updated on 2022-06-30 15:51:43 CEST.

Flavor Version Tinstall Tcheck Ttotal Status Flags
r-devel-linux-x86_64-debian-clang 1.4.4 15.82 130.93 146.75 OK
r-devel-linux-x86_64-debian-gcc 1.4.4 12.63 94.85 107.48 OK
r-devel-linux-x86_64-fedora-clang 1.4.4 187.51 NOTE
r-devel-linux-x86_64-fedora-gcc 1.4.4 181.68 NOTE
r-devel-windows-x86_64 1.4.4 24.00 128.00 152.00 OK
r-patched-linux-x86_64 1.4.4 14.65 122.89 137.54 OK
r-release-linux-x86_64 1.4.4 13.29 123.62 136.91 OK
r-release-macos-arm64 1.4.4 45.00 NOTE
r-release-macos-x86_64 1.4.4 90.00 NOTE
r-release-windows-x86_64 1.4.4 26.00 130.00 156.00 OK
r-oldrel-macos-arm64 1.4.4 47.00 NOTE
r-oldrel-macos-x86_64 1.4.4 60.00 NOTE
r-oldrel-windows-ix86+x86_64 1.4.4 30.00 123.00 153.00 OK

Check Details

Version: 1.4.4
Check: dependencies in R code
Result: NOTE
    Namespace in Imports field not imported from: ‘svglite’
     All declared Imports should be used.
Flavors: r-devel-linux-x86_64-fedora-clang, r-devel-linux-x86_64-fedora-gcc, r-release-macos-arm64, r-release-macos-x86_64, r-oldrel-macos-arm64, r-oldrel-macos-x86_64