CRAN Package Check Results for Package Inflect

Last updated on 2022-06-24 15:52:37 CEST.

Flavor Version Tinstall Tcheck Ttotal Status Flags
r-devel-linux-x86_64-debian-clang 1.1.0 7.14 64.95 72.09 NOTE
r-devel-linux-x86_64-debian-gcc 1.1.0 6.35 47.94 54.29 NOTE
r-devel-linux-x86_64-fedora-clang 1.1.0 103.63 NOTE
r-devel-linux-x86_64-fedora-gcc 1.1.0 94.49 NOTE
r-devel-windows-x86_64 1.1.0 13.00 86.00 99.00 NOTE
r-patched-linux-x86_64 1.1.0 7.42 61.01 68.43 NOTE
r-release-linux-x86_64 1.1.0 7.92 61.05 68.97 NOTE
r-release-macos-arm64 1.1.0 27.00 NOTE
r-release-macos-x86_64 1.1.0 52.00 NOTE
r-release-windows-x86_64 1.1.0 15.00 89.00 104.00 NOTE
r-oldrel-macos-arm64 1.1.0 31.00 NOTE
r-oldrel-macos-x86_64 1.1.0 52.00 NOTE
r-oldrel-windows-ix86+x86_64 1.1.0 19.00 76.00 95.00 NOTE

Check Details

Version: 1.1.0
Check: LazyData
Result: NOTE
     'LazyData' is specified without a 'data' directory
Flavors: r-devel-linux-x86_64-debian-clang, r-devel-linux-x86_64-debian-gcc, r-devel-linux-x86_64-fedora-clang, r-devel-linux-x86_64-fedora-gcc, r-devel-windows-x86_64, r-patched-linux-x86_64, r-release-linux-x86_64, r-release-macos-arm64, r-release-macos-x86_64, r-release-windows-x86_64, r-oldrel-macos-arm64, r-oldrel-macos-x86_64, r-oldrel-windows-ix86+x86_64

Version: 1.1.0
Check: dependencies in R code
Result: NOTE
    Namespace in Imports field not imported from: ‘optimr’
     All declared Imports should be used.
Flavors: r-devel-linux-x86_64-fedora-clang, r-devel-linux-x86_64-fedora-gcc, r-release-macos-arm64, r-release-macos-x86_64, r-oldrel-macos-arm64, r-oldrel-macos-x86_64