CRAN Package Check Results for Package IncDTW

Last updated on 2022-06-28 15:53:19 CEST.

Flavor Version Tinstall Tcheck Ttotal Status Flags
r-devel-linux-x86_64-debian-clang 1.1.4.4 117.62 101.84 219.46 NOTE
r-devel-linux-x86_64-debian-gcc 1.1.4.4 97.96 74.02 171.98 NOTE
r-devel-linux-x86_64-fedora-clang 1.1.4.4 331.99 NOTE
r-devel-linux-x86_64-fedora-gcc 1.1.4.4 292.14 NOTE
r-devel-windows-x86_64 1.1.4.4 105.00 145.00 250.00 NOTE
r-patched-linux-x86_64 1.1.4.4 111.89 92.83 204.72 NOTE
r-release-linux-x86_64 1.1.4.4 108.21 92.21 200.42 NOTE
r-release-macos-arm64 1.1.4.4 69.00 NOTE
r-release-macos-x86_64 1.1.4.4 118.00 NOTE
r-release-windows-x86_64 1.1.4.4 124.00 148.00 272.00 NOTE
r-oldrel-macos-arm64 1.1.4.4 67.00 NOTE
r-oldrel-macos-x86_64 1.1.4.4 95.00 NOTE
r-oldrel-windows-ix86+x86_64 1.1.4.4 290.00 170.00 460.00 NOTE

Check Details

Version: 1.1.4.4
Check: for GNU extensions in Makefiles
Result: NOTE
    GNU make is a SystemRequirements.
Flavors: r-devel-linux-x86_64-debian-clang, r-devel-linux-x86_64-debian-gcc, r-devel-linux-x86_64-fedora-clang, r-devel-linux-x86_64-fedora-gcc, r-devel-windows-x86_64, r-patched-linux-x86_64, r-release-linux-x86_64, r-release-macos-arm64, r-release-macos-x86_64, r-release-windows-x86_64, r-oldrel-macos-arm64, r-oldrel-macos-x86_64, r-oldrel-windows-ix86+x86_64

Version: 1.1.4.4
Check: installed package size
Result: NOTE
     installed size is 5.3Mb
     sub-directories of 1Mb or more:
     libs 3.5Mb
Flavors: r-devel-linux-x86_64-fedora-clang, r-release-macos-arm64, r-release-macos-x86_64, r-oldrel-macos-arm64, r-oldrel-macos-x86_64