CRAN Package Check Results for Package IncDTW

Last updated on 2023-06-03 15:55:27 CEST.

Flavor Version Tinstall Tcheck Ttotal Status Flags
r-devel-linux-x86_64-debian-clang 1.1.4.4 119.87 94.25 214.12 NOTE
r-devel-linux-x86_64-debian-gcc 1.1.4.4 98.55 68.99 167.54 NOTE
r-devel-linux-x86_64-fedora-clang 1.1.4.4 313.49 NOTE
r-devel-linux-x86_64-fedora-gcc 1.1.4.4 358.43 NOTE
r-devel-windows-x86_64 1.1.4.4 100.00 108.00 208.00 NOTE
r-patched-linux-x86_64 1.1.4.4 NOTE
r-release-linux-x86_64 1.1.4.4 103.69 87.60 191.29 NOTE
r-release-macos-arm64 1.1.4.4 84.00 NOTE
r-release-macos-x86_64 1.1.4.4 130.00 NOTE
r-release-windows-x86_64 1.1.4.4 125.00 130.00 255.00 NOTE
r-oldrel-macos-arm64 1.1.4.4 69.00 NOTE
r-oldrel-macos-x86_64 1.1.4.4 118.00 NOTE
r-oldrel-windows-x86_64 1.1.4.4 123.00 128.00 251.00 NOTE

Check Details

Version: 1.1.4.4
Check: C++ specification
Result: NOTE
     Specified C++11: please drop specification unless essential
Flavors: r-devel-linux-x86_64-debian-clang, r-devel-linux-x86_64-debian-gcc, r-devel-linux-x86_64-fedora-clang, r-devel-linux-x86_64-fedora-gcc, r-devel-windows-x86_64, r-patched-linux-x86_64, r-release-linux-x86_64, r-release-macos-arm64, r-release-macos-x86_64, r-release-windows-x86_64

Version: 1.1.4.4
Check: for GNU extensions in Makefiles
Result: NOTE
    GNU make is a SystemRequirements.
Flavors: r-devel-linux-x86_64-debian-clang, r-devel-linux-x86_64-debian-gcc, r-devel-linux-x86_64-fedora-clang, r-devel-linux-x86_64-fedora-gcc, r-devel-windows-x86_64, r-patched-linux-x86_64, r-release-linux-x86_64, r-release-macos-arm64, r-release-macos-x86_64, r-release-windows-x86_64, r-oldrel-macos-arm64, r-oldrel-macos-x86_64, r-oldrel-windows-x86_64

Version: 1.1.4.4
Check: installed package size
Result: NOTE
     installed size is 7.1Mb
     sub-directories of 1Mb or more:
     libs 5.3Mb
Flavors: r-release-macos-arm64, r-release-macos-x86_64, r-oldrel-macos-arm64, r-oldrel-macos-x86_64