Last updated on 2022-06-25 15:51:23 CEST.
Flavor | Version | Tinstall | Tcheck | Ttotal | Status | Flags |
---|---|---|---|---|---|---|
r-devel-linux-x86_64-debian-clang | 1.3 | 15.39 | 119.15 | 134.54 | OK | |
r-devel-linux-x86_64-debian-gcc | 1.3 | 11.01 | 88.55 | 99.56 | OK | |
r-devel-linux-x86_64-fedora-clang | 1.3 | 179.60 | WARN | |||
r-devel-linux-x86_64-fedora-gcc | 1.3 | 166.29 | WARN | |||
r-devel-windows-x86_64 | 1.3 | 42.00 | 142.00 | 184.00 | OK | |
r-patched-linux-x86_64 | 1.3 | 19.17 | 109.69 | 128.86 | OK | |
r-release-linux-x86_64 | 1.3 | 9.14 | 112.11 | 121.25 | OK | |
r-release-macos-arm64 | 1.3 | 45.00 | OK | |||
r-release-macos-x86_64 | 1.3 | 79.00 | OK | |||
r-release-windows-x86_64 | 1.3 | 35.00 | 139.00 | 174.00 | OK | |
r-oldrel-macos-arm64 | 1.3 | 63.00 | OK | |||
r-oldrel-macos-x86_64 | 1.3 | 88.00 | OK | |||
r-oldrel-windows-ix86+x86_64 | 1.3 | 34.00 | 134.00 | 168.00 | OK |
Version: 1.3
Check: package dependencies
Result: WARN
Requires (indirectly) orphaned package: ‘gtools’
Flavors: r-devel-linux-x86_64-fedora-clang, r-devel-linux-x86_64-fedora-gcc