CRAN Package Check Results for Package ISRaD

Last updated on 2022-06-25 15:51:23 CEST.

Flavor Version Tinstall Tcheck Ttotal Status Flags
r-devel-linux-x86_64-debian-clang 1.7.8 32.67 299.32 331.99 OK
r-devel-linux-x86_64-debian-gcc 1.7.8 26.76 212.64 239.40 OK
r-devel-linux-x86_64-fedora-clang 1.7.8 404.46 NOTE
r-devel-linux-x86_64-fedora-gcc 1.7.8 393.66 NOTE
r-devel-windows-x86_64 1.7.8 82.00 280.00 362.00 OK
r-patched-linux-x86_64 1.7.8 33.60 275.76 309.36 OK
r-release-linux-x86_64 1.7.8 35.22 281.50 316.72 OK
r-release-macos-arm64 1.7.8 82.00 NOTE
r-release-macos-x86_64 1.7.8 171.00 NOTE
r-release-windows-x86_64 1.7.8 60.00 287.00 347.00 OK
r-oldrel-macos-arm64 1.7.8 57.00 NOTE
r-oldrel-macos-x86_64 1.7.8 88.00 NOTE
r-oldrel-windows-ix86+x86_64 1.7.8 71.00 285.00 356.00 OK

Check Details

Version: 1.7.8
Check: data for non-ASCII characters
Result: NOTE
     Note: found 1 marked UTF-8 string
Flavors: r-devel-linux-x86_64-fedora-clang, r-devel-linux-x86_64-fedora-gcc, r-release-macos-arm64, r-release-macos-x86_64, r-oldrel-macos-arm64, r-oldrel-macos-x86_64