CRAN Package Check Results for Package IRon

Last updated on 2022-10-07 15:52:59 CEST.

Flavor Version Tinstall Tcheck Ttotal Status Flags
r-devel-linux-x86_64-debian-clang 0.1.2 14.97 117.56 132.53 OK
r-devel-linux-x86_64-debian-gcc 0.1.2 12.52 86.92 99.44 WARN
r-devel-linux-x86_64-fedora-clang 0.1.2 174.60 WARN
r-devel-linux-x86_64-fedora-gcc 0.1.2 164.54 WARN
r-devel-windows-x86_64 0.1.2 26.00 139.00 165.00 OK
r-patched-linux-x86_64 0.1.2 14.78 104.80 119.58 OK
r-release-linux-x86_64 0.1.2 13.52 104.34 117.86 OK
r-release-macos-arm64 0.1.2 37.00 OK
r-release-macos-x86_64 0.1.2 66.00 OK
r-release-windows-x86_64 0.1.2 27.00 136.00 163.00 OK
r-oldrel-macos-arm64 0.1.2 36.00 OK
r-oldrel-macos-x86_64 0.1.2 66.00 OK
r-oldrel-windows-ix86+x86_64 0.1.2 38.00 174.00 212.00 OK

Check Details

Version: 0.1.2
Check: whether package can be installed
Result: WARN
    Found the following significant warnings:
     phi.h:33:3: warning: function declaration isn’t a prototype [-Wstrict-prototypes]
Flavors: r-devel-linux-x86_64-debian-gcc, r-devel-linux-x86_64-fedora-gcc

Version: 0.1.2
Check: compilation flags used
Result: NOTE
    Compilation used the following non-portable flag(s):
     ‘-Wstrict-prototypes’
Flavor: r-devel-linux-x86_64-debian-gcc

Version: 0.1.2
Check: whether package can be installed
Result: WARN
    Found the following significant warnings:
     ./phi.h:33:24: warning: a function declaration without a prototype is deprecated in all versions of C [-Wstrict-prototypes]
Flavor: r-devel-linux-x86_64-fedora-clang