CRAN Package Check Results for Package IPWpn

Last updated on 2022-01-22 15:52:15 CET.

Flavor Version Tinstall Tcheck Ttotal Status Flags
r-devel-linux-x86_64-debian-clang 0.1.0 10.30 100.66 110.96 OK
r-devel-linux-x86_64-debian-gcc 0.1.0 8.52 74.46 82.98 OK
r-devel-linux-x86_64-fedora-clang 0.1.0 135.22 NOTE
r-devel-linux-x86_64-fedora-gcc 0.1.0 129.54 NOTE
r-devel-windows-x86_64-new-UL 0.1.0 22.00 119.00 141.00 OK
r-devel-windows-x86_64-new-TK 0.1.0 NOTE
r-patched-linux-x86_64 0.1.0 10.44 93.62 104.06 OK
r-release-linux-x86_64 0.1.0 8.54 93.46 102.00 OK
r-release-macos-arm64 0.1.0 NOTE
r-release-macos-x86_64 0.1.0 NOTE
r-release-windows-ix86+x86_64 0.1.0 27.00 119.00 146.00 OK
r-oldrel-macos-x86_64 0.1.0 NOTE
r-oldrel-windows-ix86+x86_64 0.1.0 27.00 115.00 142.00 OK

Check Details

Version: 0.1.0
Check: dependencies in R code
Result: NOTE
    Namespaces in Imports field not imported from:
     ‘mvtnorm’ ‘tidyr’
     All declared Imports should be used.
Flavors: r-devel-linux-x86_64-fedora-clang, r-devel-linux-x86_64-fedora-gcc, r-devel-windows-x86_64-new-TK, r-release-macos-arm64, r-release-macos-x86_64, r-oldrel-macos-x86_64