CRAN Package Check Results for Package IPCWK

Last updated on 2022-07-04 15:54:44 CEST.

Flavor Version Tinstall Tcheck Ttotal Status Flags
r-devel-linux-x86_64-debian-clang 1.0 7.69 69.12 76.81 NOTE
r-devel-linux-x86_64-debian-gcc 1.0 6.01 52.69 58.70 NOTE
r-devel-linux-x86_64-fedora-clang 1.0 107.44 NOTE
r-devel-linux-x86_64-fedora-gcc 1.0 101.50 NOTE
r-devel-windows-x86_64 1.0 10.00 88.00 98.00 NOTE
r-patched-linux-x86_64 1.0 7.86 66.70 74.56 NOTE
r-release-linux-x86_64 1.0 7.42 65.56 72.98 NOTE
r-release-macos-arm64 1.0 32.00 NOTE
r-release-macos-x86_64 1.0 44.00 NOTE
r-release-windows-x86_64 1.0 14.00 91.00 105.00 NOTE
r-oldrel-macos-arm64 1.0 37.00 NOTE
r-oldrel-macos-x86_64 1.0 57.00 NOTE
r-oldrel-windows-ix86+x86_64 1.0 16.00 87.00 103.00 NOTE

Check Details

Version: 1.0
Check: LazyData
Result: NOTE
     'LazyData' is specified without a 'data' directory
Flavors: r-devel-linux-x86_64-debian-clang, r-devel-linux-x86_64-debian-gcc, r-devel-linux-x86_64-fedora-clang, r-devel-linux-x86_64-fedora-gcc, r-devel-windows-x86_64, r-patched-linux-x86_64, r-release-linux-x86_64, r-release-macos-arm64, r-release-macos-x86_64, r-release-windows-x86_64, r-oldrel-macos-arm64, r-oldrel-macos-x86_64, r-oldrel-windows-ix86+x86_64