CRAN Package Check Results for Package IOHexperimenter

Last updated on 2022-09-24 15:55:22 CEST.

Flavor Version Tinstall Tcheck Ttotal Status Flags
r-devel-linux-x86_64-debian-clang 0.1.4 49.02 34.32 83.34 NOTE
r-devel-linux-x86_64-debian-gcc 0.1.4 46.86 26.79 73.65 NOTE
r-devel-linux-x86_64-fedora-clang 0.1.4 132.97 NOTE
r-devel-linux-x86_64-fedora-gcc 0.1.4 135.92 NOTE
r-devel-windows-x86_64 0.1.4 111.00 88.00 199.00 NOTE
r-patched-linux-x86_64 0.1.4 50.36 32.54 82.90 NOTE
r-release-linux-x86_64 0.1.4 52.10 32.19 84.29 NOTE
r-release-macos-arm64 0.1.4 35.00 NOTE
r-release-macos-x86_64 0.1.4 45.00 NOTE
r-release-windows-x86_64 0.1.4 127.00 93.00 220.00 NOTE
r-oldrel-macos-arm64 0.1.4 42.00 NOTE
r-oldrel-macos-x86_64 0.1.4 66.00 NOTE
r-oldrel-windows-ix86+x86_64 0.1.4 155.00 91.00 246.00 NOTE

Check Details

Version: 0.1.4
Check: LazyData
Result: NOTE
     'LazyData' is specified without a 'data' directory
Flavors: r-devel-linux-x86_64-debian-clang, r-devel-linux-x86_64-debian-gcc, r-devel-linux-x86_64-fedora-clang, r-devel-linux-x86_64-fedora-gcc, r-devel-windows-x86_64, r-patched-linux-x86_64, r-release-linux-x86_64, r-release-macos-arm64, r-release-macos-x86_64, r-release-windows-x86_64, r-oldrel-macos-arm64, r-oldrel-macos-x86_64, r-oldrel-windows-ix86+x86_64

Version: 0.1.4
Check: installed package size
Result: NOTE
     installed size is 6.6Mb
     sub-directories of 1Mb or more:
     libs 6.4Mb
Flavors: r-release-macos-arm64, r-release-macos-x86_64, r-oldrel-macos-arm64, r-oldrel-macos-x86_64