CRAN Package Check Results for Package INLAjoint

Last updated on 2024-06-13 03:49:21 CEST.

Flavor Version Tinstall Tcheck Ttotal Status Flags
r-devel-linux-x86_64-debian-clang 24.3.25 22.50 146.43 168.93 NOTE
r-devel-linux-x86_64-debian-gcc 24.3.25 0.44 1.89 2.33 ERROR
r-devel-linux-x86_64-fedora-clang 24.3.25 223.57 NOTE
r-devel-linux-x86_64-fedora-gcc 24.3.25 213.60 NOTE
r-devel-windows-x86_64 24.3.25 18.00 112.00 130.00 OK
r-patched-linux-x86_64 24.3.25 15.58 138.96 154.54 NOTE
r-release-linux-x86_64 24.3.25 14.87 139.43 154.30 NOTE
r-release-macos-arm64 24.3.25 63.00 NOTE
r-release-macos-x86_64 24.3.25 88.00 NOTE
r-release-windows-x86_64 24.3.25 18.00 111.00 129.00 OK
r-oldrel-macos-arm64 24.3.25 61.00 NOTE
r-oldrel-macos-x86_64 24.3.25 145.00 NOTE
r-oldrel-windows-x86_64 24.3.25 25.00 133.00 158.00 NOTE

Check Details

Version: 24.3.25
Check: package dependencies
Result: NOTE Packages suggested but not available for checking: 'INLA', 'frailtypack' Flavors: r-devel-linux-x86_64-debian-clang, r-patched-linux-x86_64, r-release-linux-x86_64, r-release-macos-x86_64

Version: 24.3.25
Check: package dependencies
Result: ERROR Packages required but not available: 'lme4', 'ggplot2' Packages suggested but not available for checking: 'INLA', 'JMbayes2', 'rstanarm', 'frailtypack' See section ‘The DESCRIPTION file’ in the ‘Writing R Extensions’ manual. Flavor: r-devel-linux-x86_64-debian-gcc

Version: 24.3.25
Check: package dependencies
Result: NOTE Package suggested but not available for checking: ‘frailtypack’ Flavors: r-devel-linux-x86_64-fedora-clang, r-devel-linux-x86_64-fedora-gcc

Version: 24.3.25
Check: package dependencies
Result: NOTE Package suggested but not available for checking: ‘INLA’ Flavors: r-release-macos-arm64, r-oldrel-macos-arm64, r-oldrel-macos-x86_64, r-oldrel-windows-x86_64