Last updated on 2022-06-28 03:51:34 CEST.
Flavor | Version | Tinstall | Tcheck | Ttotal | Status | Flags |
---|---|---|---|---|---|---|
r-devel-linux-x86_64-debian-clang | 1.3 | 6.83 | 66.04 | 72.87 | OK | |
r-devel-linux-x86_64-debian-gcc | 1.3 | 6.07 | 49.20 | 55.27 | OK | |
r-devel-linux-x86_64-fedora-clang | 1.3 | 99.50 | OK | |||
r-devel-linux-x86_64-fedora-gcc | 1.3 | 99.86 | OK | |||
r-devel-windows-x86_64 | 1.3 | 13.00 | 84.00 | 97.00 | OK | |
r-patched-linux-x86_64 | 1.3 | 7.07 | 61.07 | 68.14 | OK | |
r-release-linux-x86_64 | 1.3 | 4.90 | 61.27 | 66.17 | OK | |
r-release-macos-arm64 | 1.3 | 34.00 | OK | |||
r-release-macos-x86_64 | 1.3 | 8.00 | ERROR | |||
r-release-windows-x86_64 | 1.3 | 14.00 | 87.00 | 101.00 | OK | |
r-oldrel-macos-arm64 | 1.3 | 27.00 | OK | |||
r-oldrel-macos-x86_64 | 1.3 | 37.00 | OK | |||
r-oldrel-windows-ix86+x86_64 | 1.3 | 19.00 | 86.00 | 105.00 | OK |
Version: 1.3
Check: package dependencies
Result: ERROR
Package required but not available: ‘RcppAlgos’
See section ‘The DESCRIPTION file’ in the ‘Writing R Extensions’
manual.
Flavor: r-release-macos-x86_64