CRAN Package Check Results for Package IDPmisc

Last updated on 2022-11-26 16:02:57 CET.

Flavor Version Tinstall Tcheck Ttotal Status Flags
r-devel-linux-x86_64-debian-clang 1.1.20 7.92 65.89 73.81 OK
r-devel-linux-x86_64-debian-gcc 1.1.20 6.02 48.34 54.36 OK
r-devel-linux-x86_64-fedora-clang 1.1.20 101.03 NOTE
r-devel-linux-x86_64-fedora-gcc 1.1.20 98.04 OK
r-devel-windows-x86_64 1.1.20 34.00 95.00 129.00 OK
r-patched-linux-x86_64 1.1.20 OK
r-release-linux-x86_64 1.1.20 7.59 58.85 66.44 OK
r-release-macos-arm64 1.1.20 33.00 OK
r-release-macos-x86_64 1.1.20 41.00 OK
r-release-windows-x86_64 1.1.20 36.00 95.00 131.00 OK
r-oldrel-macos-arm64 1.1.20 33.00 OK
r-oldrel-macos-x86_64 1.1.20 56.00 OK
r-oldrel-windows-ix86+x86_64 1.1.20 17.00 101.00 118.00 OK

Check Details

Version: 1.1.20
Check: Rd cross-references
Result: NOTE
    Undeclared packages ‘sfsmisc’, ‘RColorBrewer’, ‘hexbin’ in Rd xrefs
Flavor: r-devel-linux-x86_64-fedora-clang