CRAN Package Check Results for Package IDPSurvival

Last updated on 2022-07-04 15:54:44 CEST.

Flavor Version Tinstall Tcheck Ttotal Status Flags
r-devel-linux-x86_64-debian-clang 1.2 10.75 142.55 153.30 OK
r-devel-linux-x86_64-debian-gcc 1.2 7.94 103.41 111.35 OK
r-devel-linux-x86_64-fedora-clang 1.2 203.31 WARN
r-devel-linux-x86_64-fedora-gcc 1.2 192.05 WARN
r-devel-windows-x86_64 1.2 15.00 170.00 185.00 OK
r-patched-linux-x86_64 1.2 8.63 141.03 149.66 OK
r-release-linux-x86_64 1.2 8.19 138.17 146.36 OK
r-release-macos-arm64 1.2 81.00 OK
r-release-macos-x86_64 1.2 125.00 OK
r-release-windows-x86_64 1.2 22.00 175.00 197.00 OK
r-oldrel-macos-arm64 1.2 101.00 OK
r-oldrel-macos-x86_64 1.2 186.00 OK
r-oldrel-windows-ix86+x86_64 1.2 19.00 178.00 197.00 OK

Check Details

Version: 1.2
Check: package dependencies
Result: WARN
    Requires orphaned package: ‘gtools’
Flavors: r-devel-linux-x86_64-fedora-clang, r-devel-linux-x86_64-fedora-gcc