Last updated on 2022-06-26 15:53:01 CEST.
Flavor | Version | Tinstall | Tcheck | Ttotal | Status | Flags |
---|---|---|---|---|---|---|
r-devel-linux-x86_64-debian-clang | 0.3-5 | 46.58 | 214.22 | 260.80 | OK | |
r-devel-linux-x86_64-debian-gcc | 0.3-5 | 37.82 | 152.33 | 190.15 | OK | |
r-devel-linux-x86_64-fedora-clang | 0.3-5 | 345.74 | OK | |||
r-devel-linux-x86_64-fedora-gcc | 0.3-5 | 315.64 | OK | |||
r-devel-windows-x86_64 | 0.3-5 | 58.00 | 251.00 | 309.00 | OK | |
r-patched-linux-x86_64 | 0.3-5 | 45.74 | 196.28 | 242.02 | OK | |
r-release-linux-x86_64 | 0.3-5 | 43.93 | 195.59 | 239.52 | OK | |
r-release-macos-arm64 | 0.3-5 | 99.00 | NOTE | |||
r-release-macos-x86_64 | 0.3-5 | 114.00 | NOTE | |||
r-release-windows-x86_64 | 0.3-5 | 59.00 | 254.00 | 313.00 | OK | |
r-oldrel-macos-arm64 | 0.3-5 | 90.00 | NOTE | |||
r-oldrel-macos-x86_64 | 0.3-5 | 119.00 | NOTE | |||
r-oldrel-windows-ix86+x86_64 | 0.3-5 | 118.00 | 341.00 | 459.00 | OK |
Version: 0.3-5
Check: installed package size
Result: NOTE
installed size is 5.6Mb
sub-directories of 1Mb or more:
doc 2.5Mb
libs 2.8Mb
Flavors: r-release-macos-arm64, r-release-macos-x86_64, r-oldrel-macos-arm64, r-oldrel-macos-x86_64