Last updated on 2023-02-08 04:07:05 CET.
Flavor | Version | Tinstall | Tcheck | Ttotal | Status | Flags |
---|---|---|---|---|---|---|
r-devel-linux-x86_64-debian-clang | 0.3-5 | 50.89 | 228.92 | 279.81 | OK | |
r-devel-linux-x86_64-debian-gcc | 0.3-5 | 38.36 | 162.03 | 200.39 | OK | |
r-devel-linux-x86_64-fedora-clang | 0.3-5 | 374.91 | OK | |||
r-devel-linux-x86_64-fedora-gcc | 0.3-5 | 344.47 | OK | |||
r-devel-windows-x86_64 | 0.3-5 | 57.00 | 284.00 | 341.00 | OK | |
r-patched-linux-x86_64 | 0.3-5 | 46.66 | 205.74 | 252.40 | OK | |
r-release-linux-x86_64 | 0.3-5 | 41.59 | 205.63 | 247.22 | OK | |
r-release-macos-arm64 | 0.3-5 | 99.00 | NOTE | |||
r-release-macos-x86_64 | 0.3-5 | 114.00 | NOTE | |||
r-release-windows-x86_64 | 0.3-5 | 62.00 | 283.00 | 345.00 | OK | |
r-oldrel-macos-arm64 | 0.3-5 | 90.00 | NOTE | |||
r-oldrel-macos-x86_64 | 0.3-5 | 119.00 | NOTE | |||
r-oldrel-windows-ix86+x86_64 | 0.3-5 | 117.00 | 355.00 | 472.00 | OK |
Version: 0.3-5
Check: installed package size
Result: NOTE
installed size is 5.6Mb
sub-directories of 1Mb or more:
doc 2.5Mb
libs 2.8Mb
Flavors: r-release-macos-arm64, r-release-macos-x86_64, r-oldrel-macos-arm64, r-oldrel-macos-x86_64