CRAN Package Check Results for Package ICD10gm

Last updated on 2020-10-01 15:48:29 CEST.

Flavor Version Tinstall Tcheck Ttotal Status Flags
r-devel-linux-x86_64-debian-clang 1.1 24.83 173.55 198.38 OK
r-devel-linux-x86_64-debian-gcc 1.1 24.13 126.59 150.72 OK
r-devel-linux-x86_64-fedora-clang 1.1 252.37 NOTE
r-devel-linux-x86_64-fedora-gcc 1.1 249.32 NOTE
r-devel-windows-ix86+x86_64 1.1 35.00 205.00 240.00 NOTE
r-patched-linux-x86_64 1.1 25.16 170.31 195.47 OK
r-patched-solaris-x86 1.1 370.30 NOTE
r-release-linux-x86_64 1.1 26.21 168.58 194.79 OK
r-release-macos-x86_64 1.1 NOTE
r-release-windows-ix86+x86_64 1.1 44.00 212.00 256.00 NOTE
r-oldrel-macos-x86_64 1.1 NOTE
r-oldrel-windows-ix86+x86_64 1.1 45.00 209.00 254.00 NOTE

Check Details

Version: 1.1
Check: installed package size
Result: NOTE
     installed size is 8.2Mb
     sub-directories of 1Mb or more:
     data 7.3Mb
Flavors: r-devel-linux-x86_64-fedora-clang, r-devel-windows-ix86+x86_64, r-patched-solaris-x86, r-release-macos-x86_64, r-release-windows-ix86+x86_64, r-oldrel-macos-x86_64, r-oldrel-windows-ix86+x86_64

Version: 1.1
Check: data for non-ASCII characters
Result: NOTE
     Note: found 277935 marked UTF-8 strings
Flavors: r-devel-linux-x86_64-fedora-clang, r-devel-linux-x86_64-fedora-gcc, r-patched-solaris-x86, r-release-macos-x86_64, r-oldrel-macos-x86_64